{"id":1918,"date":"2026-01-06T15:58:46","date_gmt":"2026-01-06T14:58:46","guid":{"rendered":"https:\/\/duhovyrok.sk\/nomantinels\/?post_type=tribe_events&#038;p=1918"},"modified":"2026-01-06T15:58:46","modified_gmt":"2026-01-06T14:58:46","slug":"kvir-tvorive-stretnutie-komunitne-stretnutie-pre-kvir-ludi-2","status":"publish","type":"tribe_events","link":"https:\/\/duhovyrok.sk\/nomantinels\/event\/kvir-tvorive-stretnutie-komunitne-stretnutie-pre-kvir-ludi-2\/","title":{"rendered":"Kv\u00edr tvoriv\u00e9 stretnutie: Komunitn\u00e9 stretnutie pre kv\u00edr \u013eud\u00ed"},"content":{"rendered":"<p>Poz\u00fdvame v\u0161etk\u00fdch kv\u00edr \u013eud\u00ed na tvoriv\u00e9 stretnutie. Pripravili sme priestor, kde m\u00f4\u017ee\u0161 ma\u013eova\u0165, sp\u00e1ja\u0165 svoje n\u00e1pady s in\u00fdmi a objavova\u0165 nov\u00e9 perspekt\u00edvy. \u010cak\u00e1 n\u00e1s kolaborat\u00edvne ma\u013eovanie \u2013 za\u010dne\u0161 obr\u00e1zok, posunie\u0161 ho \u010falej, a niekto in\u00fd ho doma\u013euje. Spolo\u010dne vytvor\u00edme diela pln\u00e9 farieb, kreativity a pr\u00edbehov. Nez\u00e1le\u017e\u00ed na tom, \u010di m\u00e1\u0161 sk\u00fasenosti s kreslen\u00edm \u2013 v\u0161etci s\u00fa v\u00edtan\u00ed! Pr\u00ed\u010f tvori\u0165, sp\u00e1ja\u0165 sa a u\u017ei\u0165 si \u010das s komunitou.<\/p>\n<p>Za\u010d\u00edname o 18:00.<\/p>\n<p>Te\u0161i\u0165 sa m\u00f4\u017ee\u0161 na bezpe\u010dn\u00e9 prostredie, kontakt s in\u00fdmi \u013eu\u010fmi z komunity a mo\u017enos\u0165 neform\u00e1lne sa porozpr\u00e1va\u0165.<\/p>\n<p>Podujat\u00edm sprev\u00e1dza Christi\u00e1n Havl\u00ed\u010dek, ktor\u00fd p\u00f4sob\u00ed aj v inPoradni.<\/p>\n<p>Na\u0161imi z\u00e1sadami s\u00fa:<br \/>\n\u2022 ver\u00edme tomu, \u010do hovor\u00ed\u0161, \u010do c\u00edti\u0161 a \u010do pre\u017e\u00edva\u0161<br \/>\n\u2022 re\u0161pektujeme tvoje po\u017eiadavky oh\u013eadom mena a z\u00e1men<br \/>\n\u2022 re\u0161pektujeme tvoje s\u00fakromie a anonymitu.<\/p>\n<p>Netreba sa nijako prihlasova\u0165, sta\u010d\u00ed pr\u00eds\u0165 pred vchod Ubytovne Zv\u00e1ra\u010d\u00e1k, Pionierska 17 a my si \u0165a o 18:00 vyzdvihneme (na mape tu:\u00a0<a href=\"https:\/\/lnk.sk\/hnue\" target=\"_blank\" rel=\"noopener\" data-saferedirecturl=\"https:\/\/www.google.com\/url?q=https:\/\/lnk.sk\/hnue&amp;source=gmail&amp;ust=1767793161766000&amp;usg=AOvVaw3sAXIsEVKmDtMKNkG8ph0R\">https:\/\/lnk.sk\/hnue<\/a>).<\/p>\n<p>Ak sa oneskor\u00ed\u0161, zavolaj alebo po\u0161li spr\u00e1vu na \u010d\u00edslo 0902 463 263. Te\u0161\u00edme sa na Teba.<\/p>\n<p>Podujatie je s\u00fa\u010das\u0165ou projektu Queer Vibes, ktor\u00fd je financovan\u00fd zo zdrojov Eur\u00f3pskej \u00fanie.<\/p>\n<p>Financovan\u00e9 zo zdrojov Eur\u00f3pskej \u00fanie z Programu &#8222;Citizens, Equality, Rights and Values Programme&#8220;.Podujatie je s\u00fa\u010das\u0165ou projektu Queer Vibes, ktor\u00fd je financovan\u00fd zo zdrojov Eur\u00f3pskej \u00fanie.<\/p>\n<p>Financovan\u00e9 zo zdrojov Eur\u00f3pskej \u00fanie z Programu \u201e<a href=\"https:\/\/commission.europa.eu\/funding-tenders\/find-funding\/eu-funding-programmes\/citizens-equality-rights-and-values-programme_en\">Citizens, Equality, Rights and Values Programme<\/a>\u201c.<\/p>\n","protected":false},"excerpt":{"rendered":"<p>Poz\u00fdvame v\u0161etk\u00fdch kv\u00edr \u013eud\u00ed na tvoriv\u00e9 stretnutie. Pripravili sme priestor, kde m\u00f4\u017ee\u0161 ma\u013eova\u0165, sp\u00e1ja\u0165 svoje n\u00e1pady s in\u00fdmi a objavova\u0165 nov\u00e9 perspekt\u00edvy. \u010cak\u00e1 n\u00e1s kolaborat\u00edvne ma\u013eovanie \u2013 za\u010dne\u0161 obr\u00e1zok, posunie\u0161 <a href=\"https:\/\/duhovyrok.sk\/nomantinels\/event\/kvir-tvorive-stretnutie-komunitne-stretnutie-pre-kvir-ludi-2\/\" class=\"more-link\">&#8230;<\/a><\/p>\n","protected":false},"author":9,"featured_media":1920,"comment_status":"closed","ping_status":"closed","template":"","meta":{"_tribe_events_status":"","_tribe_events_status_reason":"","footnotes":""},"tags":[143,188,31,156,121,117,76,187],"tribe_events_cat":[],"class_list":["post-1918","tribe_events","type-tribe_events","status-publish","has-post-thumbnail","hentry","tag-christian-havlicek","tag-januar","tag-komunitne-podujatie","tag-komunitne-stretnutie","tag-kvir","tag-kvir-komunita","tag-pakt","tag-tvorive-stretnutie"],"_links":{"self":[{"href":"https:\/\/duhovyrok.sk\/nomantinels\/wp-json\/wp\/v2\/tribe_events\/1918","targetHints":{"allow":["GET"]}}],"collection":[{"href":"https:\/\/duhovyrok.sk\/nomantinels\/wp-json\/wp\/v2\/tribe_events"}],"about":[{"href":"https:\/\/duhovyrok.sk\/nomantinels\/wp-json\/wp\/v2\/types\/tribe_events"}],"author":[{"embeddable":true,"href":"https:\/\/duhovyrok.sk\/nomantinels\/wp-json\/wp\/v2\/users\/9"}],"replies":[{"embeddable":true,"href":"https:\/\/duhovyrok.sk\/nomantinels\/wp-json\/wp\/v2\/comments?post=1918"}],"version-history":[{"count":2,"href":"https:\/\/duhovyrok.sk\/nomantinels\/wp-json\/wp\/v2\/tribe_events\/1918\/revisions"}],"predecessor-version":[{"id":1921,"href":"https:\/\/duhovyrok.sk\/nomantinels\/wp-json\/wp\/v2\/tribe_events\/1918\/revisions\/1921"}],"wp:featuredmedia":[{"embeddable":true,"href":"https:\/\/duhovyrok.sk\/nomantinels\/wp-json\/wp\/v2\/media\/1920"}],"wp:attachment":[{"href":"https:\/\/duhovyrok.sk\/nomantinels\/wp-json\/wp\/v2\/media?parent=1918"}],"wp:term":[{"taxonomy":"post_tag","embeddable":true,"href":"https:\/\/duhovyrok.sk\/nomantinels\/wp-json\/wp\/v2\/tags?post=1918"},{"taxonomy":"tribe_events_cat","embeddable":true,"href":"https:\/\/duhovyrok.sk\/nomantinels\/wp-json\/wp\/v2\/tribe_events_cat?post=1918"}],"curies":[{"name":"wp","href":"https:\/\/api.w.org\/{rel}","templated":true}]}}

Kvír tvorivé stretnutie: Komunitné stretnutie pre kvír ľudí

<p>Pozývame všetkých kvír ľudí na tvorivé stretnutie. Pripravili sme priestor, kde môžeš maľovať, spájať svoje nápady s inými a objavovať nové perspektívy. Čaká nás kolaboratívne maľovanie – začneš obrázok, posunieš ho ďalej, a niekto iný ho domaľuje. Spoločne vytvoríme diela plné farieb, kreativity a príbehov. Nezáleží na tom, či máš skúsenosti s kreslením – všetci sú vítaní! Príď tvoriť, spájať sa a užiť si čas s komunitou.</p>
<p>Začíname o 18:00.</p>
<p>Tešiť sa môžeš na bezpečné prostredie, kontakt s inými ľuďmi z komunity a možnosť neformálne sa porozprávať.</p>
<p>Podujatím sprevádza Christián Havlíček, ktorý pôsobí aj v inPoradni.</p>
<p>Našimi zásadami sú:<br />
• veríme tomu, čo hovoríš, čo cítiš a čo prežívaš<br />
• rešpektujeme tvoje požiadavky ohľadom mena a zámen<br />
• rešpektujeme tvoje súkromie a anonymitu.</p>
<p>Netreba sa nijako prihlasovať, stačí prísť pred vchod Ubytovne Zváračák, Pionierska 17 a my si ťa o 18:00 vyzdvihneme (na mape tu: <a href="https://lnk.sk/hnue" target="_blank" rel="noopener" data-saferedirecturl="https://www.google.com/url?q=https://lnk.sk/hnue&amp;source=gmail&amp;ust=1767793161766000&amp;usg=AOvVaw3sAXIsEVKmDtMKNkG8ph0R">https://lnk.sk/hnue</a>).</p>
<p>Ak sa oneskoríš, zavolaj alebo pošli správu na číslo 0902 463 263. Tešíme sa na Teba.</p>
<p>Podujatie je súčasťou projektu Queer Vibes, ktorý je financovaný zo zdrojov Európskej únie.</p>
<p>Financované zo zdrojov Európskej únie z Programu &#8222;Citizens, Equality, Rights and Values Programme&#8220;.Podujatie je súčasťou projektu Queer Vibes, ktorý je financovaný zo zdrojov Európskej únie.</p>
<p>Financované zo zdrojov Európskej únie z Programu „<a href="https://commission.europa.eu/funding-tenders/find-funding/eu-funding-programmes/citizens-equality-rights-and-values-programme_en">Citizens, Equality, Rights and Values Programme</a>“.</p>

<p>Pozývame všetkých kvír ľudí na tvorivé stretnutie. Pripravili sme priestor, kde môžeš maľovať, spájať svoje nápady s inými a objavovať nové perspektívy. Čaká nás kolaboratívne maľovanie – začneš obrázok, posunieš <a href="https://duhovyrok.sk/nomantinels/event/kvir-tvorive-stretnutie-komunitne-stretnutie-pre-kvir-ludi-2/" class="more-link">&#8230;</a></p>
