{"id":1894,"date":"2025-11-26T12:26:29","date_gmt":"2025-11-26T11:26:29","guid":{"rendered":"https:\/\/duhovyrok.sk\/nomantinels\/?post_type=tribe_events&#038;p=1894"},"modified":"2025-11-26T12:26:29","modified_gmt":"2025-11-26T11:26:29","slug":"queer-literarne-citanie-teply-punc","status":"publish","type":"tribe_events","link":"https:\/\/duhovyrok.sk\/nomantinels\/event\/queer-literarne-citanie-teply-punc\/","title":{"rendered":"Queer liter\u00e1rne \u010d\u00edtanie \/ tepl\u00fd pun\u010d"},"content":{"rendered":"<div class=\"xdj266r x14z9mp xat24cr x1lziwak x1vvkbs\">Z\u00e1ver roka sa bl\u00ed\u017ei a podarili sa n\u00e1m ve\u013ek\u00e9 veci.<\/div>\n<div><\/div>\n<div class=\"x14z9mp xat24cr x1lziwak x1vvkbs xtlvy1s\">V kult\u00farnom centre Pakt si m\u00f4\u017eete pozrie\u0165 nov\u00fa panelov\u00fa v\u00fdstavu Sme im to dl\u017en\u00ed, ktor\u00e1 prin\u00e1\u0161a pr\u00edbehy vytrvalosti a n\u00e1deje kv\u00edr \u013eud\u00ed na Slovensku.<\/div>\n<div class=\"x14z9mp xat24cr x1lziwak x1vvkbs xtlvy1s\">Po\u010das vychutn\u00e1vania si viano\u010dn\u00e9ho pun\u010da sa m\u00f4\u017eete zapo\u010d\u00fava\u0165 do inscenovan\u00e9ho \u010d\u00edtania z komiksu Socializmus s teplou tv\u00e1rou a nesk\u00f4r aj do open micu redaktorsk\u00e9ho kolekt\u00edvu \u010dasopisu QYS.<\/div>\n<div><\/div>\n<div class=\"x14z9mp xat24cr x1lziwak x1vvkbs xtlvy1s\">V novom, zimnom \u010d\u00edsle n\u00e1jdete ich eseje o \u017eivote v r\u00f4znych slovensk\u00fdch mest\u00e1ch. Ako sa bojovalo s predsudkami v Martine a kde viete n\u00e1js\u0165 bezpe\u010dn\u00e9 miesta v Pre\u0161ove?<\/div>\n<div><\/div>\n<div class=\"x14z9mp xat24cr x1lziwak x1vvkbs xtlvy1s\">Ve\u010der dopln\u00ed koncert.<\/div>\n<div><\/div>\n<div class=\"x14z9mp xat24cr x1lziwak x1vvkbs xtlvy1s\">Program:<br class=\"html-br\" \/>\u00a019:00 \/ otvorenie v\u00fdstavy Sme im to dl\u017en\u00ed<br class=\"html-br\" \/>\u00a019:20 \/ \u010d\u00edtanie zo Socializmu s teplou tv\u00e1rou<br class=\"html-br\" \/>\u00a020:00 \/ open mic<br class=\"html-br\" \/>\u00a021:00 \/ koncer<\/div>\n","protected":false},"excerpt":{"rendered":"<p>Z\u00e1ver roka sa bl\u00ed\u017ei a podarili sa n\u00e1m ve\u013ek\u00e9 veci. V kult\u00farnom centre Pakt si m\u00f4\u017eete pozrie\u0165 nov\u00fa panelov\u00fa v\u00fdstavu Sme im to dl\u017en\u00ed, ktor\u00e1 prin\u00e1\u0161a pr\u00edbehy vytrvalosti a n\u00e1deje <a href=\"https:\/\/duhovyrok.sk\/nomantinels\/event\/queer-literarne-citanie-teply-punc\/\" class=\"more-link\">&#8230;<\/a><\/p>\n","protected":false},"author":9,"featured_media":1895,"comment_status":"closed","ping_status":"closed","template":"","meta":{"_tribe_events_status":"","_tribe_events_status_reason":"","footnotes":""},"tags":[47,186,106,99,21,216,219,76,178,218,27],"tribe_events_cat":[],"class_list":["post-1894","tribe_events","type-tribe_events","status-publish","has-post-thumbnail","hentry","tag-citanie-z-knihy","tag-december","tag-komiks","tag-koncert","tag-magazin-qys","tag-nomantinels-divadlo","tag-open-mic","tag-pakt","tag-queer-vystava","tag-sme-im-to-dlzni","tag-socializmus-s-teplou-tvarou"],"_links":{"self":[{"href":"https:\/\/duhovyrok.sk\/nomantinels\/wp-json\/wp\/v2\/tribe_events\/1894","targetHints":{"allow":["GET"]}}],"collection":[{"href":"https:\/\/duhovyrok.sk\/nomantinels\/wp-json\/wp\/v2\/tribe_events"}],"about":[{"href":"https:\/\/duhovyrok.sk\/nomantinels\/wp-json\/wp\/v2\/types\/tribe_events"}],"author":[{"embeddable":true,"href":"https:\/\/duhovyrok.sk\/nomantinels\/wp-json\/wp\/v2\/users\/9"}],"replies":[{"embeddable":true,"href":"https:\/\/duhovyrok.sk\/nomantinels\/wp-json\/wp\/v2\/comments?post=1894"}],"version-history":[{"count":1,"href":"https:\/\/duhovyrok.sk\/nomantinels\/wp-json\/wp\/v2\/tribe_events\/1894\/revisions"}],"predecessor-version":[{"id":1896,"href":"https:\/\/duhovyrok.sk\/nomantinels\/wp-json\/wp\/v2\/tribe_events\/1894\/revisions\/1896"}],"wp:featuredmedia":[{"embeddable":true,"href":"https:\/\/duhovyrok.sk\/nomantinels\/wp-json\/wp\/v2\/media\/1895"}],"wp:attachment":[{"href":"https:\/\/duhovyrok.sk\/nomantinels\/wp-json\/wp\/v2\/media?parent=1894"}],"wp:term":[{"taxonomy":"post_tag","embeddable":true,"href":"https:\/\/duhovyrok.sk\/nomantinels\/wp-json\/wp\/v2\/tags?post=1894"},{"taxonomy":"tribe_events_cat","embeddable":true,"href":"https:\/\/duhovyrok.sk\/nomantinels\/wp-json\/wp\/v2\/tribe_events_cat?post=1894"}],"curies":[{"name":"wp","href":"https:\/\/api.w.org\/{rel}","templated":true}]}}

Queer literárne čítanie / teplý punč

<div class="xdj266r x14z9mp xat24cr x1lziwak x1vvkbs">Záver roka sa blíži a podarili sa nám veľké veci.</div>
<div></div>
<div class="x14z9mp xat24cr x1lziwak x1vvkbs xtlvy1s">V kultúrnom centre Pakt si môžete pozrieť novú panelovú výstavu Sme im to dlžní, ktorá prináša príbehy vytrvalosti a nádeje kvír ľudí na Slovensku.</div>
<div class="x14z9mp xat24cr x1lziwak x1vvkbs xtlvy1s">Počas vychutnávania si vianočného punča sa môžete započúvať do inscenovaného čítania z komiksu Socializmus s teplou tvárou a neskôr aj do open micu redaktorského kolektívu časopisu QYS.</div>
<div></div>
<div class="x14z9mp xat24cr x1lziwak x1vvkbs xtlvy1s">V novom, zimnom čísle nájdete ich eseje o živote v rôznych slovenských mestách. Ako sa bojovalo s predsudkami v Martine a kde viete nájsť bezpečné miesta v Prešove?</div>
<div></div>
<div class="x14z9mp xat24cr x1lziwak x1vvkbs xtlvy1s">Večer doplní koncert.</div>
<div></div>
<div class="x14z9mp xat24cr x1lziwak x1vvkbs xtlvy1s">Program:<br class="html-br" /> 19:00 / otvorenie výstavy Sme im to dlžní<br class="html-br" /> 19:20 / čítanie zo Socializmu s teplou tvárou<br class="html-br" /> 20:00 / open mic<br class="html-br" /> 21:00 / koncer</div>

<p>Záver roka sa blíži a podarili sa nám veľké veci. V kultúrnom centre Pakt si môžete pozrieť novú panelovú výstavu Sme im to dlžní, ktorá prináša príbehy vytrvalosti a nádeje <a href="https://duhovyrok.sk/nomantinels/event/queer-literarne-citanie-teply-punc/" class="more-link">&#8230;</a></p>
