{"id":1877,"date":"2025-10-30T15:28:02","date_gmt":"2025-10-30T14:28:02","guid":{"rendered":"https:\/\/duhovyrok.sk\/nomantinels\/?post_type=tribe_events&#038;p=1877"},"modified":"2025-10-30T18:41:23","modified_gmt":"2025-10-30T17:41:23","slug":"lgbti-trening-porozumenie-6","status":"publish","type":"tribe_events","link":"https:\/\/duhovyrok.sk\/nomantinels\/event\/lgbti-trening-porozumenie-6\/","title":{"rendered":"LGBTI+ tr\u00e9ning: Porozumenie"},"content":{"rendered":"<p>Chce\u0161 viac porozumie\u0165 kv\u00edr \u013eu\u010fom?<br \/>\nChce\u0161 sa zapoji\u0165 do kv\u00edr aktivizmu?<br \/>\nChce\u0161 vedie\u0165 argumentova\u0165 vo svojej in\u0161tit\u00faci\u00ed \u010di okol\u00ed?<\/p>\n<div>Chce\u0161 vedie\u0165 lep\u0161ie pracova\u0165 s kv\u00edr \u013eu\u010fmi?<\/div>\n<div>\n<p>Zauj\u00edma \u0164a ak\u00e9 v\u00fdzvy a rizik\u00e1 prin\u00e1\u0161a novela \u00dastavy?<\/p>\n<p>Tak sa pridaj na n\u00e1\u0161 dvojd\u0148ov\u00fd LGBTI+ tr\u00e9ning, ktor\u00fd sa uskuto\u010dn\u00ed v Bratislave v term\u00edne 29. \u2013 30.11.2025. Vhodn\u00e9 aj ako z\u00e1kladn\u00fd modul pre pom\u00e1haj\u00face profesie.<\/p>\n<p>Viac inform\u00e1ci\u00ed v registr\u00e1cii:\u00a0<a href=\"https:\/\/forms.gle\/KVdKDnWwfExZivxf7\" target=\"_blank\" rel=\"noopener\" data-saferedirecturl=\"https:\/\/www.google.com\/url?q=https:\/\/forms.gle\/KVdKDnWwfExZivxf7&amp;source=gmail&amp;ust=1761920224724000&amp;usg=AOvVaw1Xqc8JvIBi_eNjcV89uEDl\">https:\/\/forms.gle\/KVdKDnWwfExZivxf7<\/a><\/p>\n<p>Po jej vyplnen\u00ed \u0164a kontaktujeme s potvrden\u00edm \u00fa\u010dasti do p\u00e1r dn\u00ed. Te\u0161\u00edme sa na Teba.<\/p>\n<p>Podujatie je s\u00fa\u010das\u0165ou projektu Queer Vibes, ktor\u00fd je financovan\u00fd zo zdrojov Eur\u00f3pskej \u00fanie.<\/p>\n<\/div>\n","protected":false},"excerpt":{"rendered":"<p>Chce\u0161 viac porozumie\u0165 kv\u00edr \u013eu\u010fom? Chce\u0161 sa zapoji\u0165 do kv\u00edr aktivizmu? Chce\u0161 vedie\u0165 argumentova\u0165 vo svojej in\u0161tit\u00faci\u00ed \u010di okol\u00ed? Chce\u0161 vedie\u0165 lep\u0161ie pracova\u0165 s kv\u00edr \u013eu\u010fmi? Zauj\u00edma \u0164a ak\u00e9 v\u00fdzvy <a href=\"https:\/\/duhovyrok.sk\/nomantinels\/event\/lgbti-trening-porozumenie-6\/\" class=\"more-link\">&#8230;<\/a><\/p>\n","protected":false},"author":9,"featured_media":1879,"comment_status":"closed","ping_status":"closed","template":"","meta":{"_tribe_events_status":"","_tribe_events_status_reason":"","footnotes":""},"tags":[214,170,171],"tribe_events_cat":[],"class_list":["post-1877","tribe_events","type-tribe_events","status-publish","has-post-thumbnail","hentry","tag-aktivizmus","tag-lgbti-trening","tag-porozumenie"],"_links":{"self":[{"href":"https:\/\/duhovyrok.sk\/nomantinels\/wp-json\/wp\/v2\/tribe_events\/1877","targetHints":{"allow":["GET"]}}],"collection":[{"href":"https:\/\/duhovyrok.sk\/nomantinels\/wp-json\/wp\/v2\/tribe_events"}],"about":[{"href":"https:\/\/duhovyrok.sk\/nomantinels\/wp-json\/wp\/v2\/types\/tribe_events"}],"author":[{"embeddable":true,"href":"https:\/\/duhovyrok.sk\/nomantinels\/wp-json\/wp\/v2\/users\/9"}],"replies":[{"embeddable":true,"href":"https:\/\/duhovyrok.sk\/nomantinels\/wp-json\/wp\/v2\/comments?post=1877"}],"version-history":[{"count":2,"href":"https:\/\/duhovyrok.sk\/nomantinels\/wp-json\/wp\/v2\/tribe_events\/1877\/revisions"}],"predecessor-version":[{"id":1880,"href":"https:\/\/duhovyrok.sk\/nomantinels\/wp-json\/wp\/v2\/tribe_events\/1877\/revisions\/1880"}],"wp:featuredmedia":[{"embeddable":true,"href":"https:\/\/duhovyrok.sk\/nomantinels\/wp-json\/wp\/v2\/media\/1879"}],"wp:attachment":[{"href":"https:\/\/duhovyrok.sk\/nomantinels\/wp-json\/wp\/v2\/media?parent=1877"}],"wp:term":[{"taxonomy":"post_tag","embeddable":true,"href":"https:\/\/duhovyrok.sk\/nomantinels\/wp-json\/wp\/v2\/tags?post=1877"},{"taxonomy":"tribe_events_cat","embeddable":true,"href":"https:\/\/duhovyrok.sk\/nomantinels\/wp-json\/wp\/v2\/tribe_events_cat?post=1877"}],"curies":[{"name":"wp","href":"https:\/\/api.w.org\/{rel}","templated":true}]}}

LGBTI+ tréning: Porozumenie

<p>Chceš viac porozumieť kvír ľuďom?<br />
Chceš sa zapojiť do kvír aktivizmu?<br />
Chceš vedieť argumentovať vo svojej inštitúcií či okolí?</p>
<div>Chceš vedieť lepšie pracovať s kvír ľuďmi?</div>
<div>
<p>Zaujíma Ťa aké výzvy a riziká prináša novela Ústavy?</p>
<p>Tak sa pridaj na náš dvojdňový LGBTI+ tréning, ktorý sa uskutoční v Bratislave v termíne 29. – 30.11.2025. Vhodné aj ako základný modul pre pomáhajúce profesie.</p>
<p>Viac informácií v registrácii: <a href="https://forms.gle/KVdKDnWwfExZivxf7" target="_blank" rel="noopener" data-saferedirecturl="https://www.google.com/url?q=https://forms.gle/KVdKDnWwfExZivxf7&amp;source=gmail&amp;ust=1761920224724000&amp;usg=AOvVaw1Xqc8JvIBi_eNjcV89uEDl">https://forms.gle/KVdKDnWwfExZivxf7</a></p>
<p>Po jej vyplnení Ťa kontaktujeme s potvrdením účasti do pár dní. Tešíme sa na Teba.</p>
<p>Podujatie je súčasťou projektu Queer Vibes, ktorý je financovaný zo zdrojov Európskej únie.</p>
</div>

<p>Chceš viac porozumieť kvír ľuďom? Chceš sa zapojiť do kvír aktivizmu? Chceš vedieť argumentovať vo svojej inštitúcií či okolí? Chceš vedieť lepšie pracovať s kvír ľuďmi? Zaujíma Ťa aké výzvy <a href="https://duhovyrok.sk/nomantinels/event/lgbti-trening-porozumenie-6/" class="more-link">&#8230;</a></p>
