{"id":1818,"date":"2025-08-02T21:43:11","date_gmt":"2025-08-02T19:43:11","guid":{"rendered":"https:\/\/duhovyrok.sk\/nomantinels\/?post_type=tribe_events&#038;p=1818"},"modified":"2025-08-03T09:51:37","modified_gmt":"2025-08-03T07:51:37","slug":"komunitna-opekacka-pre-kvir-ludi-2","status":"publish","type":"tribe_events","link":"https:\/\/duhovyrok.sk\/nomantinels\/event\/komunitna-opekacka-pre-kvir-ludi-2\/","title":{"rendered":"Komunitn\u00e1 opeka\u010dka pre kv\u00edr \u013eud\u00ed"},"content":{"rendered":"<p>Pridaj sa k n\u00e1m na opeka\u010dku. \u010cak\u00e1 n\u00e1s spolo\u010dn\u00e9 h\u013eadanie a zakladanie ohniska, opekanie a pr\u00edjemn\u00e9 rozhovory.<\/p>\n<p>Stret\u00e1vame sa o 14:00 na zast\u00e1vke \u010cerven\u00fd most (kone\u010dn\u00e1 linky 47). Priprav sa na kr\u00e1\u010danie, nezabudni si vzia\u0165 dostatok vody a aj to, \u010do si chce\u0161 opiec\u0165. Z\u00e1kladn\u00e1 v\u00fdbava, n\u00f4\u017e na pali\u010dky, t\u00e1cky, serv\u00edtky aj sladk\u00e9 ob\u010derstvenie bude zabezpe\u010den\u00e9. Podujat\u00edm bude sprev\u00e1dza\u0165 Christi\u00e1n Havl\u00ed\u010dek, organiz\u00e1tor komunitn\u00fdch podujat\u00ed pre kv\u00edr \u013eud\u00ed.<\/p>\n<p>V pr\u00edpade zl\u00e9ho po\u010dasia sleduj pros\u00edm na\u0161u str\u00e1nku, podujatie m\u00f4\u017ee by\u0165 zru\u0161en\u00e9. Ak sa oneskor\u00ed\u0161, zavolaj alebo po\u0161li spr\u00e1vu na \u010d\u00edslo 0902 463 263.<\/p>\n<p>Podujatie je s\u00fa\u010das\u0165ou projektu Queer Vibes, ktor\u00fd je financovan\u00fd zo zdrojov Eur\u00f3pskej \u00fanie.<\/p>\n<p>Financovan\u00e9 zo zdrojov Eur\u00f3pskej \u00fanie z Programu \u201e<a href=\"https:\/\/commission.europa.eu\/funding-tenders\/find-funding\/eu-funding-programmes\/citizens-equality-rights-and-values-programme_en\">Citizens, Equality, Rights and Values Programme<\/a>\u201c.<\/p>\n","protected":false},"excerpt":{"rendered":"<p>Pridaj sa k n\u00e1m na opeka\u010dku. \u010cak\u00e1 n\u00e1s spolo\u010dn\u00e9 h\u013eadanie a zakladanie ohniska, opekanie a pr\u00edjemn\u00e9 rozhovory. Stret\u00e1vame sa o 14:00 na zast\u00e1vke \u010cerven\u00fd most (kone\u010dn\u00e1 linky 47). Priprav sa <a href=\"https:\/\/duhovyrok.sk\/nomantinels\/event\/komunitna-opekacka-pre-kvir-ludi-2\/\" class=\"more-link\">&#8230;<\/a><\/p>\n","protected":false},"author":9,"featured_media":1822,"comment_status":"closed","ping_status":"closed","template":"","meta":{"_tribe_events_status":"","_tribe_events_status_reason":"","footnotes":""},"tags":[168,163,31,156,164],"tribe_events_cat":[],"class_list":["post-1818","tribe_events","type-tribe_events","status-publish","has-post-thumbnail","hentry","tag-august","tag-komunitna-opekacka","tag-komunitne-podujatie","tag-komunitne-stretnutie","tag-opekacka"],"_links":{"self":[{"href":"https:\/\/duhovyrok.sk\/nomantinels\/wp-json\/wp\/v2\/tribe_events\/1818","targetHints":{"allow":["GET"]}}],"collection":[{"href":"https:\/\/duhovyrok.sk\/nomantinels\/wp-json\/wp\/v2\/tribe_events"}],"about":[{"href":"https:\/\/duhovyrok.sk\/nomantinels\/wp-json\/wp\/v2\/types\/tribe_events"}],"author":[{"embeddable":true,"href":"https:\/\/duhovyrok.sk\/nomantinels\/wp-json\/wp\/v2\/users\/9"}],"replies":[{"embeddable":true,"href":"https:\/\/duhovyrok.sk\/nomantinels\/wp-json\/wp\/v2\/comments?post=1818"}],"version-history":[{"count":1,"href":"https:\/\/duhovyrok.sk\/nomantinels\/wp-json\/wp\/v2\/tribe_events\/1818\/revisions"}],"predecessor-version":[{"id":1819,"href":"https:\/\/duhovyrok.sk\/nomantinels\/wp-json\/wp\/v2\/tribe_events\/1818\/revisions\/1819"}],"wp:featuredmedia":[{"embeddable":true,"href":"https:\/\/duhovyrok.sk\/nomantinels\/wp-json\/wp\/v2\/media\/1822"}],"wp:attachment":[{"href":"https:\/\/duhovyrok.sk\/nomantinels\/wp-json\/wp\/v2\/media?parent=1818"}],"wp:term":[{"taxonomy":"post_tag","embeddable":true,"href":"https:\/\/duhovyrok.sk\/nomantinels\/wp-json\/wp\/v2\/tags?post=1818"},{"taxonomy":"tribe_events_cat","embeddable":true,"href":"https:\/\/duhovyrok.sk\/nomantinels\/wp-json\/wp\/v2\/tribe_events_cat?post=1818"}],"curies":[{"name":"wp","href":"https:\/\/api.w.org\/{rel}","templated":true}]}}

Komunitná opekačka pre kvír ľudí

<p>Pridaj sa k nám na opekačku. Čaká nás spoločné hľadanie a zakladanie ohniska, opekanie a príjemné rozhovory.</p>
<p>Stretávame sa o 14:00 na zastávke Červený most (konečná linky 47). Priprav sa na kráčanie, nezabudni si vziať dostatok vody a aj to, čo si chceš opiecť. Základná výbava, nôž na paličky, tácky, servítky aj sladké občerstvenie bude zabezpečené. Podujatím bude sprevádzať Christián Havlíček, organizátor komunitných podujatí pre kvír ľudí.</p>
<p>V prípade zlého počasia sleduj prosím našu stránku, podujatie môže byť zrušené. Ak sa oneskoríš, zavolaj alebo pošli správu na číslo 0902 463 263.</p>
<p>Podujatie je súčasťou projektu Queer Vibes, ktorý je financovaný zo zdrojov Európskej únie.</p>
<p>Financované zo zdrojov Európskej únie z Programu „<a href="https://commission.europa.eu/funding-tenders/find-funding/eu-funding-programmes/citizens-equality-rights-and-values-programme_en">Citizens, Equality, Rights and Values Programme</a>“.</p>

<p>Pridaj sa k nám na opekačku. Čaká nás spoločné hľadanie a zakladanie ohniska, opekanie a príjemné rozhovory. Stretávame sa o 14:00 na zastávke Červený most (konečná linky 47). Priprav sa <a href="https://duhovyrok.sk/nomantinels/event/komunitna-opekacka-pre-kvir-ludi-2/" class="more-link">&#8230;</a></p>
