{"id":1661,"date":"2024-10-19T15:59:32","date_gmt":"2024-10-19T13:59:32","guid":{"rendered":"https:\/\/duhovyrok.sk\/nomantinels\/?post_type=tribe_events&#038;p=1661"},"modified":"2024-10-19T15:59:32","modified_gmt":"2024-10-19T13:59:32","slug":"komentovana-prehliadka-vystavy-dancing-in-the-dark","status":"publish","type":"tribe_events","link":"https:\/\/duhovyrok.sk\/nomantinels\/event\/komentovana-prehliadka-vystavy-dancing-in-the-dark\/","title":{"rendered":"Komentovan\u00e1 prehliadka v\u00fdstavy DANCING IN THE DARK"},"content":{"rendered":"<div class=\"xdj266r x11i5rnm xat24cr x1mh8g0r x1vvkbs\">Poz\u00fdvame v\u00e1s na komentovan\u00fa prehliadku v\u00fdstavy\u00a0<span class=\"html-span xexx8yu x4uap5 x18d9i69 xkhd6sd x1hl2dhg x16tdsg8 x1vvkbs x3nfvp2 x1j61x8r x1fcty0u xdj266r xat24cr xgzva0m xhhsvwb xxymvpz xlup9mm x1kky2od\"><img loading=\"lazy\" decoding=\"async\" class=\"xz74otr\" src=\"https:\/\/static.xx.fbcdn.net\/images\/emoji.php\/v9\/tc7\/1\/16\/1f483.png\" alt=\"\ud83d\udc83\" width=\"16\" height=\"16\" \/><\/span>\u00a0DANCING IN THE DARK<\/div>\n<div class=\"xdj266r x11i5rnm xat24cr x1mh8g0r x1vvkbs\"><br class=\"html-br\" \/><span class=\"html-span xexx8yu x4uap5 x18d9i69 xkhd6sd x1hl2dhg x16tdsg8 x1vvkbs x3nfvp2 x1j61x8r x1fcty0u xdj266r xat24cr xgzva0m xhhsvwb xxymvpz xlup9mm x1kky2od\"><img loading=\"lazy\" decoding=\"async\" class=\"xz74otr\" src=\"https:\/\/static.xx.fbcdn.net\/images\/emoji.php\/v9\/t7e\/1\/16\/1f4c5.png\" alt=\"\ud83d\udcc5\" width=\"16\" height=\"16\" \/><\/span>\u00a022. okt\u00f3bra<br class=\"html-br\" \/><span class=\"html-span xexx8yu x4uap5 x18d9i69 xkhd6sd x1hl2dhg x16tdsg8 x1vvkbs x3nfvp2 x1j61x8r x1fcty0u xdj266r xat24cr xgzva0m xhhsvwb xxymvpz xlup9mm x1kky2od\"><img loading=\"lazy\" decoding=\"async\" class=\"xz74otr\" src=\"https:\/\/static.xx.fbcdn.net\/images\/emoji.php\/v9\/t34\/1\/16\/23f0.png\" alt=\"\u23f0\" width=\"16\" height=\"16\" \/><\/span>\u00a0o 17:00<br class=\"html-br\" \/><span class=\"html-span xexx8yu x4uap5 x18d9i69 xkhd6sd x1hl2dhg x16tdsg8 x1vvkbs x3nfvp2 x1j61x8r x1fcty0u xdj266r xat24cr xgzva0m xhhsvwb xxymvpz xlup9mm x1kky2od\"><img loading=\"lazy\" decoding=\"async\" class=\"xz74otr\" src=\"https:\/\/static.xx.fbcdn.net\/images\/emoji.php\/v9\/t82\/1\/16\/1f3a8.png\" alt=\"\ud83c\udfa8\" width=\"16\" height=\"16\" \/><\/span>\u00a0v Pistoriho pal\u00e1ci na \u0160tef\u00e1nikovej ulici v Bratislave<\/div>\n<div><\/div>\n<div class=\"x11i5rnm xat24cr x1mh8g0r x1vvkbs xtlvy1s\">V\u00fdstavou v\u00e1s prevedie kur\u00e1torka, Alexandra Tam\u00e1sov\u00e1, spolu s niektor\u00fdmi umelcami. Napr\u00edklad s Petrom Bar\u00e9nyim, Maro\u0161om Rov\u0148\u00e1kom, Jakubom Strakom.<\/div>\n<div><\/div>\n<div class=\"x11i5rnm xat24cr x1mh8g0r x1vvkbs xtlvy1s\">V\u00fdstava je sprievodn\u00fdm podujat\u00edm festivalu Drama queer a jej organiz\u00e1torom je NOMANTINELS.<\/div>\n<div><\/div>\n<div class=\"x11i5rnm xat24cr x1mh8g0r x1vvkbs xtlvy1s\">&#8212;<\/div>\n<div class=\"x11i5rnm xat24cr x1mh8g0r x1vvkbs xtlvy1s\"><br class=\"html-br\" \/>12. okt\u00f3bra uplynuli dva roky od teroristick\u00e9ho \u00fatoku pred Tepl\u00e1r\u0148ou, pri ktorom vyhasli dva nevinn\u00e9 \u017eivoty a mnoh\u00e9 \u010fal\u0161ie zostali tragicky pozna\u010den\u00e9. Ako sa kv\u00edr komunita vyrovn\u00e1va s touto udalos\u0165ou? Ako sa dnes c\u00edtia LGBTI+ \u013eudia v krajine, kde s\u00fa neust\u00e1le ter\u010dom (nielen slovn\u00fdch) \u00fatokov?<\/div>\n<div class=\"x11i5rnm xat24cr x1mh8g0r x1vvkbs xtlvy1s\"><br class=\"html-br\" \/><span class=\"html-span xexx8yu x4uap5 x18d9i69 xkhd6sd x1hl2dhg x16tdsg8 x1vvkbs x3nfvp2 x1j61x8r x1fcty0u xdj266r xat24cr xgzva0m xhhsvwb xxymvpz xlup9mm x1kky2od\"><img loading=\"lazy\" decoding=\"async\" class=\"xz74otr\" src=\"https:\/\/static.xx.fbcdn.net\/images\/emoji.php\/v9\/t13\/1\/16\/1f308.png\" alt=\"\ud83c\udf08\" width=\"16\" height=\"16\" \/><\/span>\u00a0V\u00fdstava Dancing In the Dark predstavuje diela 13 umelcov a umelk\u00fd\u0148, ktor\u00ed h\u013eadaj\u00fa odpovede na tieto ot\u00e1zky. Prostredn\u00edctvom umenia sa pok\u00fa\u0161aj\u00fa rozpr\u00e1va\u0165 o tom, \u010do je nevyslovite\u013en\u00e9, a h\u013eadaj\u00fa cesty, ako \u010falej pokra\u010dova\u0165 a nach\u00e1dza\u0165 rados\u0165 zo \u017eivota napriek v\u0161etk\u00e9mu.<\/div>\n<div class=\"x11i5rnm xat24cr x1mh8g0r x1vvkbs xtlvy1s\"><br class=\"html-br\" \/><span class=\"html-span xexx8yu x4uap5 x18d9i69 xkhd6sd x1hl2dhg x16tdsg8 x1vvkbs x3nfvp2 x1j61x8r x1fcty0u xdj266r xat24cr xgzva0m xhhsvwb xxymvpz xlup9mm x1kky2od\"><img loading=\"lazy\" decoding=\"async\" class=\"xz74otr\" src=\"https:\/\/static.xx.fbcdn.net\/images\/emoji.php\/v9\/t13\/1\/16\/1f308.png\" alt=\"\ud83c\udf08\" width=\"16\" height=\"16\" \/><\/span>\u00a0Vystav\u00face umelectvo: Andrej D\u00fabravsk\u00fd, Peter Bar\u00e9nyi, Maro\u0161 Rov\u0148\u00e1k, Em\u00edlia Rigov\u00e1, Maro\u0161 Bavo\u013e\u00e1r, Nat\u00e1lia Dreven\u00e1kov\u00e1, Ricardo Hoineff, Tina Hrevu\u0161ov\u00e1, Bystr\u00edk Kl\u010do, Kristi\u00e1n N\u00e9meth, Aliza Orlan, Jakub Straka, Alexander Zigo<\/div>\n<div><\/div>\n<div class=\"x11i5rnm xat24cr x1mh8g0r x1vvkbs xtlvy1s\"><span class=\"html-span xexx8yu x4uap5 x18d9i69 xkhd6sd x1hl2dhg x16tdsg8 x1vvkbs x3nfvp2 x1j61x8r x1fcty0u xdj266r xat24cr xgzva0m xhhsvwb xxymvpz xlup9mm x1kky2od\"><img loading=\"lazy\" decoding=\"async\" class=\"xz74otr\" src=\"https:\/\/static.xx.fbcdn.net\/images\/emoji.php\/v9\/t60\/1\/16\/1f4b6.png\" alt=\"\ud83d\udcb6\" width=\"16\" height=\"16\" \/> Financovan\u00e9 zo zdrojov Eur\u00f3pskej \u00fanie z Programu \u201e<a href=\"https:\/\/commission.europa.eu\/funding-tenders\/find-funding\/eu-funding-programmes\/citizens-equality-rights-and-values-programme_en\">Citizens, Equality, Rights and Values Programme<\/a>\u201e. Z verejn\u00fdch zdrojov podporil\u00a0<a href=\"https:\/\/www.fpu.sk\/sk\/\">Fond na podporu umenia<\/a>\u00a0a\u00a0<a href=\"https:\/\/www.netherlandsandyou.nl\/web\/slovakia\/about-us\">Ve\u013evyslanectvo Holandsk\u00e9ho kr\u00e1\u013eovstva na Slovensku<\/a>.<\/span><\/div>\n","protected":false},"excerpt":{"rendered":"<p>Poz\u00fdvame v\u00e1s na komentovan\u00fa prehliadku v\u00fdstavy\u00a0\u00a0DANCING IN THE DARK \u00a022. okt\u00f3bra\u00a0o 17:00\u00a0v Pistoriho pal\u00e1ci na \u0160tef\u00e1nikovej ulici v Bratislave V\u00fdstavou v\u00e1s prevedie kur\u00e1torka, Alexandra Tam\u00e1sov\u00e1, spolu s niektor\u00fdmi umelcami. Napr\u00edklad <a href=\"https:\/\/duhovyrok.sk\/nomantinels\/event\/komentovana-prehliadka-vystavy-dancing-in-the-dark\/\" class=\"more-link\">&#8230;<\/a><\/p>\n","protected":false},"author":9,"featured_media":1662,"comment_status":"closed","ping_status":"closed","template":"","meta":{"_tribe_events_status":"","_tribe_events_status_reason":"","footnotes":""},"tags":[175,54,180,43,178],"tribe_events_cat":[],"class_list":["post-1661","tribe_events","type-tribe_events","status-publish","has-post-thumbnail","hentry","tag-dancing-in-the-dark","tag-divadlo-nomantinels","tag-drama-queer-2024","tag-komentovana-prehliadka","tag-queer-vystava"],"_links":{"self":[{"href":"https:\/\/duhovyrok.sk\/nomantinels\/wp-json\/wp\/v2\/tribe_events\/1661","targetHints":{"allow":["GET"]}}],"collection":[{"href":"https:\/\/duhovyrok.sk\/nomantinels\/wp-json\/wp\/v2\/tribe_events"}],"about":[{"href":"https:\/\/duhovyrok.sk\/nomantinels\/wp-json\/wp\/v2\/types\/tribe_events"}],"author":[{"embeddable":true,"href":"https:\/\/duhovyrok.sk\/nomantinels\/wp-json\/wp\/v2\/users\/9"}],"replies":[{"embeddable":true,"href":"https:\/\/duhovyrok.sk\/nomantinels\/wp-json\/wp\/v2\/comments?post=1661"}],"version-history":[{"count":1,"href":"https:\/\/duhovyrok.sk\/nomantinels\/wp-json\/wp\/v2\/tribe_events\/1661\/revisions"}],"predecessor-version":[{"id":1663,"href":"https:\/\/duhovyrok.sk\/nomantinels\/wp-json\/wp\/v2\/tribe_events\/1661\/revisions\/1663"}],"wp:featuredmedia":[{"embeddable":true,"href":"https:\/\/duhovyrok.sk\/nomantinels\/wp-json\/wp\/v2\/media\/1662"}],"wp:attachment":[{"href":"https:\/\/duhovyrok.sk\/nomantinels\/wp-json\/wp\/v2\/media?parent=1661"}],"wp:term":[{"taxonomy":"post_tag","embeddable":true,"href":"https:\/\/duhovyrok.sk\/nomantinels\/wp-json\/wp\/v2\/tags?post=1661"},{"taxonomy":"tribe_events_cat","embeddable":true,"href":"https:\/\/duhovyrok.sk\/nomantinels\/wp-json\/wp\/v2\/tribe_events_cat?post=1661"}],"curies":[{"name":"wp","href":"https:\/\/api.w.org\/{rel}","templated":true}]}}

Komentovaná prehliadka výstavy DANCING IN THE DARK

<div class="xdj266r x11i5rnm xat24cr x1mh8g0r x1vvkbs">Pozývame vás na komentovanú prehliadku výstavy <span class="html-span xexx8yu x4uap5 x18d9i69 xkhd6sd x1hl2dhg x16tdsg8 x1vvkbs x3nfvp2 x1j61x8r x1fcty0u xdj266r xat24cr xgzva0m xhhsvwb xxymvpz xlup9mm x1kky2od"><img loading="lazy" decoding="async" class="xz74otr" src="https://static.xx.fbcdn.net/images/emoji.php/v9/tc7/1/16/1f483.png" alt="💃" width="16" height="16" /></span> DANCING IN THE DARK</div>
<div class="xdj266r x11i5rnm xat24cr x1mh8g0r x1vvkbs"><br class="html-br" /><span class="html-span xexx8yu x4uap5 x18d9i69 xkhd6sd x1hl2dhg x16tdsg8 x1vvkbs x3nfvp2 x1j61x8r x1fcty0u xdj266r xat24cr xgzva0m xhhsvwb xxymvpz xlup9mm x1kky2od"><img loading="lazy" decoding="async" class="xz74otr" src="https://static.xx.fbcdn.net/images/emoji.php/v9/t7e/1/16/1f4c5.png" alt="📅" width="16" height="16" /></span> 22. októbra<br class="html-br" /><span class="html-span xexx8yu x4uap5 x18d9i69 xkhd6sd x1hl2dhg x16tdsg8 x1vvkbs x3nfvp2 x1j61x8r x1fcty0u xdj266r xat24cr xgzva0m xhhsvwb xxymvpz xlup9mm x1kky2od"><img loading="lazy" decoding="async" class="xz74otr" src="https://static.xx.fbcdn.net/images/emoji.php/v9/t34/1/16/23f0.png" alt="⏰" width="16" height="16" /></span> o 17:00<br class="html-br" /><span class="html-span xexx8yu x4uap5 x18d9i69 xkhd6sd x1hl2dhg x16tdsg8 x1vvkbs x3nfvp2 x1j61x8r x1fcty0u xdj266r xat24cr xgzva0m xhhsvwb xxymvpz xlup9mm x1kky2od"><img loading="lazy" decoding="async" class="xz74otr" src="https://static.xx.fbcdn.net/images/emoji.php/v9/t82/1/16/1f3a8.png" alt="🎨" width="16" height="16" /></span> v Pistoriho paláci na Štefánikovej ulici v Bratislave</div>
<div></div>
<div class="x11i5rnm xat24cr x1mh8g0r x1vvkbs xtlvy1s">Výstavou vás prevedie kurátorka, Alexandra Tamásová, spolu s niektorými umelcami. Napríklad s Petrom Barényim, Marošom Rovňákom, Jakubom Strakom.</div>
<div></div>
<div class="x11i5rnm xat24cr x1mh8g0r x1vvkbs xtlvy1s">Výstava je sprievodným podujatím festivalu Drama queer a jej organizátorom je NOMANTINELS.</div>
<div></div>
<div class="x11i5rnm xat24cr x1mh8g0r x1vvkbs xtlvy1s">&#8212;</div>
<div class="x11i5rnm xat24cr x1mh8g0r x1vvkbs xtlvy1s"><br class="html-br" />12. októbra uplynuli dva roky od teroristického útoku pred Teplárňou, pri ktorom vyhasli dva nevinné životy a mnohé ďalšie zostali tragicky poznačené. Ako sa kvír komunita vyrovnáva s touto udalosťou? Ako sa dnes cítia LGBTI+ ľudia v krajine, kde sú neustále terčom (nielen slovných) útokov?</div>
<div class="x11i5rnm xat24cr x1mh8g0r x1vvkbs xtlvy1s"><br class="html-br" /><span class="html-span xexx8yu x4uap5 x18d9i69 xkhd6sd x1hl2dhg x16tdsg8 x1vvkbs x3nfvp2 x1j61x8r x1fcty0u xdj266r xat24cr xgzva0m xhhsvwb xxymvpz xlup9mm x1kky2od"><img loading="lazy" decoding="async" class="xz74otr" src="https://static.xx.fbcdn.net/images/emoji.php/v9/t13/1/16/1f308.png" alt="🌈" width="16" height="16" /></span> Výstava Dancing In the Dark predstavuje diela 13 umelcov a umelkýň, ktorí hľadajú odpovede na tieto otázky. Prostredníctvom umenia sa pokúšajú rozprávať o tom, čo je nevysloviteľné, a hľadajú cesty, ako ďalej pokračovať a nachádzať radosť zo života napriek všetkému.</div>
<div class="x11i5rnm xat24cr x1mh8g0r x1vvkbs xtlvy1s"><br class="html-br" /><span class="html-span xexx8yu x4uap5 x18d9i69 xkhd6sd x1hl2dhg x16tdsg8 x1vvkbs x3nfvp2 x1j61x8r x1fcty0u xdj266r xat24cr xgzva0m xhhsvwb xxymvpz xlup9mm x1kky2od"><img loading="lazy" decoding="async" class="xz74otr" src="https://static.xx.fbcdn.net/images/emoji.php/v9/t13/1/16/1f308.png" alt="🌈" width="16" height="16" /></span> Vystavúce umelectvo: Andrej Dúbravský, Peter Barényi, Maroš Rovňák, Emília Rigová, Maroš Bavoľár, Natália Drevenáková, Ricardo Hoineff, Tina Hrevušová, Bystrík Klčo, Kristián Németh, Aliza Orlan, Jakub Straka, Alexander Zigo</div>
<div></div>
<div class="x11i5rnm xat24cr x1mh8g0r x1vvkbs xtlvy1s"><span class="html-span xexx8yu x4uap5 x18d9i69 xkhd6sd x1hl2dhg x16tdsg8 x1vvkbs x3nfvp2 x1j61x8r x1fcty0u xdj266r xat24cr xgzva0m xhhsvwb xxymvpz xlup9mm x1kky2od"><img loading="lazy" decoding="async" class="xz74otr" src="https://static.xx.fbcdn.net/images/emoji.php/v9/t60/1/16/1f4b6.png" alt="💶" width="16" height="16" /> Financované zo zdrojov Európskej únie z Programu „<a href="https://commission.europa.eu/funding-tenders/find-funding/eu-funding-programmes/citizens-equality-rights-and-values-programme_en">Citizens, Equality, Rights and Values Programme</a>„. Z verejných zdrojov podporil <a href="https://www.fpu.sk/sk/">Fond na podporu umenia</a> a <a href="https://www.netherlandsandyou.nl/web/slovakia/about-us">Veľvyslanectvo Holandského kráľovstva na Slovensku</a>.</span></div>

<p>Pozývame vás na komentovanú prehliadku výstavy  DANCING IN THE DARK  22. októbra o 17:00 v Pistoriho paláci na Štefánikovej ulici v Bratislave Výstavou vás prevedie kurátorka, Alexandra Tamásová, spolu s niektorými umelcami. Napríklad <a href="https://duhovyrok.sk/nomantinels/event/komentovana-prehliadka-vystavy-dancing-in-the-dark/" class="more-link">&#8230;</a></p>
