{"id":1574,"date":"2024-08-01T16:04:50","date_gmt":"2024-08-01T14:04:50","guid":{"rendered":"https:\/\/duhovyrok.sk\/nomantinels\/?post_type=tribe_events&#038;p=1574"},"modified":"2024-08-02T17:27:04","modified_gmt":"2024-08-02T15:27:04","slug":"komunitna-prechadzka-pre-kvir-ludi","status":"publish","type":"tribe_events","link":"https:\/\/duhovyrok.sk\/nomantinels\/event\/komunitna-prechadzka-pre-kvir-ludi\/","title":{"rendered":"Komunitn\u00e1 prech\u00e1dzka pre kv\u00edr \u013eud\u00ed"},"content":{"rendered":"<p>Stret\u00e1vame sa o 14:00 na zast\u00e1vke Ovsi\u0161te (kone\u010dn\u00e1 zast\u00e1vka) a spolo\u010dne sa prejdeme Staroh\u00e1jskym\u00a0ostrovom na Staroh\u00e1jsky \u0161pic. Okrem prech\u00e1dzky\u00a0sa m\u00f4\u017eete te\u0161i\u0165 na pr\u00edjemn\u00e9 rozhovory. Nezabudnite si vzia\u0165 dostatok vody a oble\u010denie vhodn\u00e9 na cestu lesom.<\/p>\n<p>Ak sa oneskor\u00edte zavolajte alebo po\u0161lite spr\u00e1vu na \u010d\u00edslo 0902 463 263.<\/p>\n<p>Podujatie zabezpe\u010duje Christi\u00e1n Havl\u00ed\u010dek, organiz\u00e1tor komunitn\u00fdch stretnut\u00ed. Te\u0161\u00edme sa na v\u00e1s.<\/p>\n<p>Podujatie je s\u00fa\u010das\u0165ou projektu Queer Vibes, ktor\u00fd je financovan\u00fd zo zdrojov Eur\u00f3pskej \u00fanie.<\/p>\n<p>Financovan\u00e9 zo zdrojov Eur\u00f3pskej \u00fanie z Programu \u201e<a href=\"https:\/\/commission.europa.eu\/funding-tenders\/find-funding\/eu-funding-programmes\/citizens-equality-rights-and-values-programme_en\">Citizens, Equality, Rights and Values Programme<\/a>\u201c.<\/p>\n","protected":false},"excerpt":{"rendered":"<p>Stret\u00e1vame sa o 14:00 na zast\u00e1vke Ovsi\u0161te (kone\u010dn\u00e1 zast\u00e1vka) a spolo\u010dne sa prejdeme Staroh\u00e1jskym\u00a0ostrovom na Staroh\u00e1jsky \u0161pic. Okrem prech\u00e1dzky\u00a0sa m\u00f4\u017eete te\u0161i\u0165 na pr\u00edjemn\u00e9 rozhovory. Nezabudnite si vzia\u0165 dostatok vody a <a href=\"https:\/\/duhovyrok.sk\/nomantinels\/event\/komunitna-prechadzka-pre-kvir-ludi\/\" class=\"more-link\">&#8230;<\/a><\/p>\n","protected":false},"author":9,"featured_media":1581,"comment_status":"closed","ping_status":"closed","template":"","meta":{"_tribe_events_status":"","_tribe_events_status_reason":"","footnotes":""},"tags":[168,167,31,156,121,32],"tribe_events_cat":[],"class_list":["post-1574","tribe_events","type-tribe_events","status-publish","has-post-thumbnail","hentry","tag-august","tag-komunitna-prechadzka","tag-komunitne-podujatie","tag-komunitne-stretnutie","tag-kvir","tag-queer"],"_links":{"self":[{"href":"https:\/\/duhovyrok.sk\/nomantinels\/wp-json\/wp\/v2\/tribe_events\/1574","targetHints":{"allow":["GET"]}}],"collection":[{"href":"https:\/\/duhovyrok.sk\/nomantinels\/wp-json\/wp\/v2\/tribe_events"}],"about":[{"href":"https:\/\/duhovyrok.sk\/nomantinels\/wp-json\/wp\/v2\/types\/tribe_events"}],"author":[{"embeddable":true,"href":"https:\/\/duhovyrok.sk\/nomantinels\/wp-json\/wp\/v2\/users\/9"}],"replies":[{"embeddable":true,"href":"https:\/\/duhovyrok.sk\/nomantinels\/wp-json\/wp\/v2\/comments?post=1574"}],"version-history":[{"count":1,"href":"https:\/\/duhovyrok.sk\/nomantinels\/wp-json\/wp\/v2\/tribe_events\/1574\/revisions"}],"predecessor-version":[{"id":1576,"href":"https:\/\/duhovyrok.sk\/nomantinels\/wp-json\/wp\/v2\/tribe_events\/1574\/revisions\/1576"}],"wp:featuredmedia":[{"embeddable":true,"href":"https:\/\/duhovyrok.sk\/nomantinels\/wp-json\/wp\/v2\/media\/1581"}],"wp:attachment":[{"href":"https:\/\/duhovyrok.sk\/nomantinels\/wp-json\/wp\/v2\/media?parent=1574"}],"wp:term":[{"taxonomy":"post_tag","embeddable":true,"href":"https:\/\/duhovyrok.sk\/nomantinels\/wp-json\/wp\/v2\/tags?post=1574"},{"taxonomy":"tribe_events_cat","embeddable":true,"href":"https:\/\/duhovyrok.sk\/nomantinels\/wp-json\/wp\/v2\/tribe_events_cat?post=1574"}],"curies":[{"name":"wp","href":"https:\/\/api.w.org\/{rel}","templated":true}]}}

Komunitná prechádzka pre kvír ľudí

<p>Stretávame sa o 14:00 na zastávke Ovsište (konečná zastávka) a spoločne sa prejdeme Starohájskym ostrovom na Starohájsky špic. Okrem prechádzky sa môžete tešiť na príjemné rozhovory. Nezabudnite si vziať dostatok vody a oblečenie vhodné na cestu lesom.</p>
<p>Ak sa oneskoríte zavolajte alebo pošlite správu na číslo 0902 463 263.</p>
<p>Podujatie zabezpečuje Christián Havlíček, organizátor komunitných stretnutí. Tešíme sa na vás.</p>
<p>Podujatie je súčasťou projektu Queer Vibes, ktorý je financovaný zo zdrojov Európskej únie.</p>
<p>Financované zo zdrojov Európskej únie z Programu „<a href="https://commission.europa.eu/funding-tenders/find-funding/eu-funding-programmes/citizens-equality-rights-and-values-programme_en">Citizens, Equality, Rights and Values Programme</a>“.</p>

<p>Stretávame sa o 14:00 na zastávke Ovsište (konečná zastávka) a spoločne sa prejdeme Starohájskym ostrovom na Starohájsky špic. Okrem prechádzky sa môžete tešiť na príjemné rozhovory. Nezabudnite si vziať dostatok vody a <a href="https://duhovyrok.sk/nomantinels/event/komunitna-prechadzka-pre-kvir-ludi/" class="more-link">&#8230;</a></p>
