{"id":1543,"date":"2024-06-25T12:05:36","date_gmt":"2024-06-25T10:05:36","guid":{"rendered":"https:\/\/duhovyrok.sk\/nomantinels\/?post_type=tribe_events&#038;p=1543"},"modified":"2024-07-17T14:46:44","modified_gmt":"2024-07-17T12:46:44","slug":"pride-mesiac-komunitna-opekacka-pre-kvir-ludi","status":"publish","type":"tribe_events","link":"https:\/\/duhovyrok.sk\/nomantinels\/event\/pride-mesiac-komunitna-opekacka-pre-kvir-ludi\/","title":{"rendered":"PRIDE mesiac: Komunitn\u00fd piknik pre kv\u00edr \u013eud\u00ed"},"content":{"rendered":"<p dir=\"ltr\">Sme r\u00f4znorod\u00e1 skupina kv\u00edr \u013eud\u00ed, ktor\u00e1 sa stret\u00e1va v kult\u00farnom centre P*AKT. Radi by sme stretli nov\u00fdch \u013eud\u00ed a preto sme si pre v\u00e1s pripravili piknik. Okrem prijatia a pr\u00edjemn\u00fdch rozhovorov sa m\u00f4\u017eete te\u0161i\u0165 na ob\u010derstvenie a hry.<br \/>\nN\u00e1jdete n\u00e1s v sade Janka Kr\u00e1\u013ea, na doh\u013ead od ve\u017ei\u010dky (Ve\u017ea Franti\u0161k\u00e1nka), pod\u013ea trans vlajky.<\/p>\n<p dir=\"ltr\">Pote\u0161\u00edme sa napr\u00edklad extra deke\/vlastnej hre \u010di vlastnoru\u010dne upe\u010den\u00e9mu kol\u00e1\u010diku. Podujatie zabezpe\u010duje Christi\u00e1n Havl\u00ed\u010dek, organiz\u00e1tor komunitn\u00fdch stretnut\u00ed. Te\u0161\u00edme sa na v\u00e1s.<\/p>\n<p>Financovan\u00e9 zo zdrojov Eur\u00f3pskej \u00fanie z Programu \u201e<a href=\"https:\/\/commission.europa.eu\/funding-tenders\/find-funding\/eu-funding-programmes\/citizens-equality-rights-and-values-programme_en\">Citizens, Equality, Rights and Values Programme<\/a>\u201c.<\/p>\n<p>Podujatie organizuje NOMANTINELS a je sprievodn\u00fdm podujat\u00edm D\u00fahov\u00e9ho PRIDE Bratislava 2024.<\/p>\n","protected":false},"excerpt":{"rendered":"<p>Sme r\u00f4znorod\u00e1 skupina kv\u00edr \u013eud\u00ed, ktor\u00e1 sa stret\u00e1va v kult\u00farnom centre P*AKT. Radi by sme stretli nov\u00fdch \u013eud\u00ed a preto sme si pre v\u00e1s pripravili piknik. Okrem prijatia a pr\u00edjemn\u00fdch <a href=\"https:\/\/duhovyrok.sk\/nomantinels\/event\/pride-mesiac-komunitna-opekacka-pre-kvir-ludi\/\" class=\"more-link\">&#8230;<\/a><\/p>\n","protected":false},"author":9,"featured_media":1570,"comment_status":"closed","ping_status":"closed","template":"","meta":{"_tribe_events_status":"","_tribe_events_status_reason":"","footnotes":""},"tags":[31,156,165,121,166,58,32],"tribe_events_cat":[],"class_list":["post-1543","tribe_events","type-tribe_events","status-publish","has-post-thumbnail","hentry","tag-komunitne-podujatie","tag-komunitne-stretnutie","tag-komunitny-piknik","tag-kvir","tag-piknik","tag-pride-mesiac","tag-queer"],"_links":{"self":[{"href":"https:\/\/duhovyrok.sk\/nomantinels\/wp-json\/wp\/v2\/tribe_events\/1543","targetHints":{"allow":["GET"]}}],"collection":[{"href":"https:\/\/duhovyrok.sk\/nomantinels\/wp-json\/wp\/v2\/tribe_events"}],"about":[{"href":"https:\/\/duhovyrok.sk\/nomantinels\/wp-json\/wp\/v2\/types\/tribe_events"}],"author":[{"embeddable":true,"href":"https:\/\/duhovyrok.sk\/nomantinels\/wp-json\/wp\/v2\/users\/9"}],"replies":[{"embeddable":true,"href":"https:\/\/duhovyrok.sk\/nomantinels\/wp-json\/wp\/v2\/comments?post=1543"}],"version-history":[{"count":5,"href":"https:\/\/duhovyrok.sk\/nomantinels\/wp-json\/wp\/v2\/tribe_events\/1543\/revisions"}],"predecessor-version":[{"id":1572,"href":"https:\/\/duhovyrok.sk\/nomantinels\/wp-json\/wp\/v2\/tribe_events\/1543\/revisions\/1572"}],"wp:featuredmedia":[{"embeddable":true,"href":"https:\/\/duhovyrok.sk\/nomantinels\/wp-json\/wp\/v2\/media\/1570"}],"wp:attachment":[{"href":"https:\/\/duhovyrok.sk\/nomantinels\/wp-json\/wp\/v2\/media?parent=1543"}],"wp:term":[{"taxonomy":"post_tag","embeddable":true,"href":"https:\/\/duhovyrok.sk\/nomantinels\/wp-json\/wp\/v2\/tags?post=1543"},{"taxonomy":"tribe_events_cat","embeddable":true,"href":"https:\/\/duhovyrok.sk\/nomantinels\/wp-json\/wp\/v2\/tribe_events_cat?post=1543"}],"curies":[{"name":"wp","href":"https:\/\/api.w.org\/{rel}","templated":true}]}}

PRIDE mesiac: Komunitný piknik pre kvír ľudí

<p dir="ltr">Sme rôznorodá skupina kvír ľudí, ktorá sa stretáva v kultúrnom centre P*AKT. Radi by sme stretli nových ľudí a preto sme si pre vás pripravili piknik. Okrem prijatia a príjemných rozhovorov sa môžete tešiť na občerstvenie a hry.<br />
Nájdete nás v sade Janka Kráľa, na dohľad od vežičky (Veža Františkánka), podľa trans vlajky.</p>
<p dir="ltr">Potešíme sa napríklad extra deke/vlastnej hre či vlastnoručne upečenému koláčiku. Podujatie zabezpečuje Christián Havlíček, organizátor komunitných stretnutí. Tešíme sa na vás.</p>
<p>Financované zo zdrojov Európskej únie z Programu „<a href="https://commission.europa.eu/funding-tenders/find-funding/eu-funding-programmes/citizens-equality-rights-and-values-programme_en">Citizens, Equality, Rights and Values Programme</a>“.</p>
<p>Podujatie organizuje NOMANTINELS a je sprievodným podujatím Dúhového PRIDE Bratislava 2024.</p>

<p>Sme rôznorodá skupina kvír ľudí, ktorá sa stretáva v kultúrnom centre P*AKT. Radi by sme stretli nových ľudí a preto sme si pre vás pripravili piknik. Okrem prijatia a príjemných <a href="https://duhovyrok.sk/nomantinels/event/pride-mesiac-komunitna-opekacka-pre-kvir-ludi/" class="more-link">&#8230;</a></p>
