{"id":1505,"date":"2024-05-03T23:14:52","date_gmt":"2024-05-03T21:14:52","guid":{"rendered":"https:\/\/duhovyrok.sk\/nomantinels\/?post_type=tribe_events&#038;p=1505"},"modified":"2024-05-03T23:14:52","modified_gmt":"2024-05-03T21:14:52","slug":"komunitne-stretnutie-s-workshopom-tepleho-vysivania-aj-pre-blizkych-a-priatelskych-ludi","status":"publish","type":"tribe_events","link":"https:\/\/duhovyrok.sk\/nomantinels\/event\/komunitne-stretnutie-s-workshopom-tepleho-vysivania-aj-pre-blizkych-a-priatelskych-ludi\/","title":{"rendered":"Komunitn\u00e9 stretnutie s workshopom tepl\u00e9ho vy\u0161\u00edvania \/ aj pre bl\u00edzkych a priate\u013esk\u00fdch \u013eud\u00ed"},"content":{"rendered":"<div class=\"xdj266r x11i5rnm xat24cr x1mh8g0r x1vvkbs\">Srde\u010dne v\u00e1s poz\u00fdvame na komunitn\u00e9 stretnutie s workshopom tepl\u00e9ho vy\u0161\u00edvania kr\u00ed\u017eikov\u00fdm stehom ostrou ihlou s People on Earth v Kult\u00farnom centre P*AKT pre v\u0161etk\u00fdch LGBTI+ \u013eud\u00ed, ich bl\u00edzkych a priate\u013esk\u00fdch \u013eud\u00ed.<\/div>\n<div><\/div>\n<div class=\"x11i5rnm xat24cr x1mh8g0r x1vvkbs xtlvy1s\">OZ People on Earth z Novej Cvernovky (link na instagram\u00a0<a class=\"x1i10hfl xjbqb8w x1ejq31n xd10rxx x1sy0etr x17r0tee x972fbf xcfux6l x1qhh985 xm0m39n x9f619 x1ypdohk xt0psk2 xe8uvvx xdj266r x11i5rnm xat24cr x1mh8g0r xexx8yu x4uap5 x18d9i69 xkhd6sd x16tdsg8 xggy1nq x1a2a7pz xt0b8zv x1hl2dhg x1fey0fg\" role=\"link\" href=\"https:\/\/www.instagram.com\/peopleon_earth?fbclid=IwZXh0bgNhZW0CMTAAAR3q6h5Zo08IaPAyUCMTUiJY7H-1akOHPWoRFH0bmwbPAUXSCLqUm9Xq6Sg_aem_AReKglIJsr8c5XKM2NEBsvF25YhhfV-LBcZrUecfmu7SgtClHrR9LVGPgDY-_E5aMgr0FfB1zES0WEpU_VI-flVZ\" target=\"_blank\" rel=\"nofollow noopener noreferrer\">https:\/\/www.instagram.com\/peopleon_earth<\/a>) sa venuje udr\u017eate\u013enej m\u00f3de zalo\u017eenej na op\u00e4tovnom pou\u017eit\u00ed, prepracovan\u00ed a oprav\u00e1ch.Nevy\u0161\u00edvame na kanavu (text\u00edlia be\u017ene pou\u017e\u00edvan\u00e1 na vy\u0161\u00edvanie kr\u00ed\u017eikov\u00fdm stehom tupou ihlou), ale vymen\u00edme ju za odpadov\u00fa reklamn\u00fa banerovinu. Pon\u00fakneme na v\u00fdber predlohy v\u00fd\u0161iviek s LGBTI+ tematikou, pom\u00f4\u017eeme aj s vlastn\u00fdm n\u00e1vrhom.<\/div>\n<div><\/div>\n<div class=\"x11i5rnm xat24cr x1mh8g0r x1vvkbs xtlvy1s\">Ka\u017ed\u00fd \u010dlovek si na konci odnesie origin\u00e1lnu vlastnoru\u010dne vy\u0161it\u00fa n\u00e1\u0161ivku, ktor\u00e1 sa m\u00f4\u017ee pri\u0161i\u0165 na odev, batoh alebo sa d\u00e1 zar\u00e1mova\u0165. Nemus\u00edte si ni\u010d nosi\u0165, v\u0161etok materi\u00e1l bude zabezpe\u010den\u00fd.<\/div>\n<div><\/div>\n<div class=\"x11i5rnm xat24cr x1mh8g0r x1vvkbs xtlvy1s\">Sprev\u00e1dza\u0165 v\u00e1s bude soci\u00e1lny poradca Christi\u00e1n Havl\u00ed\u010dek, ktor\u00fd p\u00f4sob\u00ed aj v inPoradni.<\/div>\n<div><\/div>\n<div class=\"x11i5rnm xat24cr x1mh8g0r x1vvkbs xtlvy1s\">Na\u0161imi z\u00e1sadami s\u00fa:<br class=\"html-br\" \/>\u2022 ver\u00edme tomu, \u010do hovor\u00ed\u0161, \u010do c\u00edti\u0161 a \u010do pre\u017e\u00edva\u0161<br class=\"html-br\" \/>\u2022 re\u0161pektujeme tvoje po\u017eiadavky oh\u013eadom mena, z\u00e1men<br class=\"html-br\" \/>\u2022 re\u0161pektujeme tvoje s\u00fakromie a anonymitu<\/div>\n<div><\/div>\n<div class=\"x11i5rnm xat24cr x1mh8g0r x1vvkbs xtlvy1s\">Netreba sa nijako prihlasova\u0165, sta\u010d\u00ed pr\u00eds\u0165 pred vchod Ubytovne Zv\u00e1ra\u010d\u00e1k, Pionierska 17 a my si v\u00e1s o 18:00 vyzdvihneme na mape tu:\u00a0<a class=\"x1i10hfl xjbqb8w x1ejq31n xd10rxx x1sy0etr x17r0tee x972fbf xcfux6l x1qhh985 xm0m39n x9f619 x1ypdohk xt0psk2 xe8uvvx xdj266r x11i5rnm xat24cr x1mh8g0r xexx8yu x4uap5 x18d9i69 xkhd6sd x16tdsg8 xggy1nq x1a2a7pz xt0b8zv x1hl2dhg x1fey0fg\" role=\"link\" href=\"https:\/\/l.facebook.com\/l.php?u=https%3A%2F%2Flnk.sk%2Fhnue%3Ffbclid%3DIwZXh0bgNhZW0CMTAAAR0jiAE6R6wR-aeqP8Zm9Bh8zUQ-qGlcNeoWjdK8ITKFef6sWpBFVEPPDXo_aem_ARejun7NO43iAzgCANNHYb-Yhu-kC97V5MYgMDp9KsiHHqJEERKNSLRqgZlS5Ayy-pPXsnep9R4o_z_nuOnBgW_u&amp;h=AT0jnbIeFAEnY0ng-0vj2bn6D9b-VnXo4oZa4dPe_d--oc_5tUsfl77nLI-CPDgTDfhwqm5s7v7-kzQI1VVqjD6D1V52ESz5ErFceclm38bXV_gUI3EW6cnVh2dnceSO1Q&amp;__tn__=q&amp;c[0]=AT0_lS28gzCZ4H7I-XVImHsUiKPJIKI6AA880a-cRlkQaj0R18pxnGTW3EzDSJJauYsETDjX5fQUN-lE0po7jry4oyjB-8Q81xWUNRedsHXweXg6tpETBclADolMtSXifMlqwDd7Sgr5o1Ax9qe2kikR0jou3D7gOVB8V0t04r6QbwB_uMqj\" target=\"_blank\" rel=\"nofollow noopener noreferrer\">https:\/\/lnk.sk\/hnue<\/a><\/div>\n<div><\/div>\n<div class=\"x11i5rnm xat24cr x1mh8g0r x1vvkbs xtlvy1s\">Ak sa oneskor\u00edte zavolajte alebo po\u0161lite spr\u00e1vu na \u010d\u00edslo 0902 463 263.<\/div>\n<div><\/div>\n<div class=\"x11i5rnm xat24cr x1mh8g0r x1vvkbs xtlvy1s\">Te\u0161\u00edme sa na v\u00e1s.<\/div>\n<div><\/div>\n<div>Komunitn\u00e9 stretnutia podporili z verejn\u00fdch zdrojov <a href=\"https:\/\/www.justice.gov.sk\/\">Ministerstvo spravodlivosti SR<\/a>,\u00a0<a href=\"https:\/\/nadaciamesta.bratislava.sk\/\">Nad\u00e1cia mesta Bratislava<\/a>,\u00a0<a href=\"https:\/\/bratislavskykraj.sk\/\">Bratislavsk\u00fd samospr\u00e1vny kraj<\/a>,\u00a0<a href=\"https:\/\/www.culture.gov.sk\/\">Ministerstvo kult\u00fary SR<\/a>.<\/div>\n","protected":false},"excerpt":{"rendered":"<p>Srde\u010dne v\u00e1s poz\u00fdvame na komunitn\u00e9 stretnutie s workshopom tepl\u00e9ho vy\u0161\u00edvania kr\u00ed\u017eikov\u00fdm stehom ostrou ihlou s People on Earth v Kult\u00farnom centre P*AKT pre v\u0161etk\u00fdch LGBTI+ \u013eud\u00ed, ich bl\u00edzkych a priate\u013esk\u00fdch <a href=\"https:\/\/duhovyrok.sk\/nomantinels\/event\/komunitne-stretnutie-s-workshopom-tepleho-vysivania-aj-pre-blizkych-a-priatelskych-ludi\/\" class=\"more-link\">&#8230;<\/a><\/p>\n","protected":false},"author":9,"featured_media":1506,"comment_status":"closed","ping_status":"closed","template":"","meta":{"_tribe_events_status":"","_tribe_events_status_reason":"","footnotes":""},"tags":[31,154,76,153,69],"tribe_events_cat":[],"class_list":["post-1505","tribe_events","type-tribe_events","status-publish","has-post-thumbnail","hentry","tag-komunitne-podujatie","tag-oz-people-on-earth","tag-pakt","tag-vysivanie","tag-workshop"],"_links":{"self":[{"href":"https:\/\/duhovyrok.sk\/nomantinels\/wp-json\/wp\/v2\/tribe_events\/1505","targetHints":{"allow":["GET"]}}],"collection":[{"href":"https:\/\/duhovyrok.sk\/nomantinels\/wp-json\/wp\/v2\/tribe_events"}],"about":[{"href":"https:\/\/duhovyrok.sk\/nomantinels\/wp-json\/wp\/v2\/types\/tribe_events"}],"author":[{"embeddable":true,"href":"https:\/\/duhovyrok.sk\/nomantinels\/wp-json\/wp\/v2\/users\/9"}],"replies":[{"embeddable":true,"href":"https:\/\/duhovyrok.sk\/nomantinels\/wp-json\/wp\/v2\/comments?post=1505"}],"version-history":[{"count":1,"href":"https:\/\/duhovyrok.sk\/nomantinels\/wp-json\/wp\/v2\/tribe_events\/1505\/revisions"}],"predecessor-version":[{"id":1507,"href":"https:\/\/duhovyrok.sk\/nomantinels\/wp-json\/wp\/v2\/tribe_events\/1505\/revisions\/1507"}],"wp:featuredmedia":[{"embeddable":true,"href":"https:\/\/duhovyrok.sk\/nomantinels\/wp-json\/wp\/v2\/media\/1506"}],"wp:attachment":[{"href":"https:\/\/duhovyrok.sk\/nomantinels\/wp-json\/wp\/v2\/media?parent=1505"}],"wp:term":[{"taxonomy":"post_tag","embeddable":true,"href":"https:\/\/duhovyrok.sk\/nomantinels\/wp-json\/wp\/v2\/tags?post=1505"},{"taxonomy":"tribe_events_cat","embeddable":true,"href":"https:\/\/duhovyrok.sk\/nomantinels\/wp-json\/wp\/v2\/tribe_events_cat?post=1505"}],"curies":[{"name":"wp","href":"https:\/\/api.w.org\/{rel}","templated":true}]}}

Komunitné stretnutie s workshopom teplého vyšívania / aj pre blízkych a priateľských ľudí

<div class="xdj266r x11i5rnm xat24cr x1mh8g0r x1vvkbs">Srdečne vás pozývame na komunitné stretnutie s workshopom teplého vyšívania krížikovým stehom ostrou ihlou s People on Earth v Kultúrnom centre P*AKT pre všetkých LGBTI+ ľudí, ich blízkych a priateľských ľudí.</div>
<div></div>
<div class="x11i5rnm xat24cr x1mh8g0r x1vvkbs xtlvy1s">OZ People on Earth z Novej Cvernovky (link na instagram <a class="x1i10hfl xjbqb8w x1ejq31n xd10rxx x1sy0etr x17r0tee x972fbf xcfux6l x1qhh985 xm0m39n x9f619 x1ypdohk xt0psk2 xe8uvvx xdj266r x11i5rnm xat24cr x1mh8g0r xexx8yu x4uap5 x18d9i69 xkhd6sd x16tdsg8 xggy1nq x1a2a7pz xt0b8zv x1hl2dhg x1fey0fg" role="link" href="https://www.instagram.com/peopleon_earth?fbclid=IwZXh0bgNhZW0CMTAAAR3q6h5Zo08IaPAyUCMTUiJY7H-1akOHPWoRFH0bmwbPAUXSCLqUm9Xq6Sg_aem_AReKglIJsr8c5XKM2NEBsvF25YhhfV-LBcZrUecfmu7SgtClHrR9LVGPgDY-_E5aMgr0FfB1zES0WEpU_VI-flVZ" target="_blank" rel="nofollow noopener noreferrer">https://www.instagram.com/peopleon_earth</a>) sa venuje udržateľnej móde založenej na opätovnom použití, prepracovaní a opravách.Nevyšívame na kanavu (textília bežne používaná na vyšívanie krížikovým stehom tupou ihlou), ale vymeníme ju za odpadovú reklamnú banerovinu. Ponúkneme na výber predlohy výšiviek s LGBTI+ tematikou, pomôžeme aj s vlastným návrhom.</div>
<div></div>
<div class="x11i5rnm xat24cr x1mh8g0r x1vvkbs xtlvy1s">Každý človek si na konci odnesie originálnu vlastnoručne vyšitú nášivku, ktorá sa môže prišiť na odev, batoh alebo sa dá zarámovať. Nemusíte si nič nosiť, všetok materiál bude zabezpečený.</div>
<div></div>
<div class="x11i5rnm xat24cr x1mh8g0r x1vvkbs xtlvy1s">Sprevádzať vás bude sociálny poradca Christián Havlíček, ktorý pôsobí aj v inPoradni.</div>
<div></div>
<div class="x11i5rnm xat24cr x1mh8g0r x1vvkbs xtlvy1s">Našimi zásadami sú:<br class="html-br" />• veríme tomu, čo hovoríš, čo cítiš a čo prežívaš<br class="html-br" />• rešpektujeme tvoje požiadavky ohľadom mena, zámen<br class="html-br" />• rešpektujeme tvoje súkromie a anonymitu</div>
<div></div>
<div class="x11i5rnm xat24cr x1mh8g0r x1vvkbs xtlvy1s">Netreba sa nijako prihlasovať, stačí prísť pred vchod Ubytovne Zváračák, Pionierska 17 a my si vás o 18:00 vyzdvihneme na mape tu: <a class="x1i10hfl xjbqb8w x1ejq31n xd10rxx x1sy0etr x17r0tee x972fbf xcfux6l x1qhh985 xm0m39n x9f619 x1ypdohk xt0psk2 xe8uvvx xdj266r x11i5rnm xat24cr x1mh8g0r xexx8yu x4uap5 x18d9i69 xkhd6sd x16tdsg8 xggy1nq x1a2a7pz xt0b8zv x1hl2dhg x1fey0fg" role="link" href="https://l.facebook.com/l.php?u=https%3A%2F%2Flnk.sk%2Fhnue%3Ffbclid%3DIwZXh0bgNhZW0CMTAAAR0jiAE6R6wR-aeqP8Zm9Bh8zUQ-qGlcNeoWjdK8ITKFef6sWpBFVEPPDXo_aem_ARejun7NO43iAzgCANNHYb-Yhu-kC97V5MYgMDp9KsiHHqJEERKNSLRqgZlS5Ayy-pPXsnep9R4o_z_nuOnBgW_u&amp;h=AT0jnbIeFAEnY0ng-0vj2bn6D9b-VnXo4oZa4dPe_d--oc_5tUsfl77nLI-CPDgTDfhwqm5s7v7-kzQI1VVqjD6D1V52ESz5ErFceclm38bXV_gUI3EW6cnVh2dnceSO1Q&amp;__tn__=q&amp;c[0]=AT0_lS28gzCZ4H7I-XVImHsUiKPJIKI6AA880a-cRlkQaj0R18pxnGTW3EzDSJJauYsETDjX5fQUN-lE0po7jry4oyjB-8Q81xWUNRedsHXweXg6tpETBclADolMtSXifMlqwDd7Sgr5o1Ax9qe2kikR0jou3D7gOVB8V0t04r6QbwB_uMqj" target="_blank" rel="nofollow noopener noreferrer">https://lnk.sk/hnue</a></div>
<div></div>
<div class="x11i5rnm xat24cr x1mh8g0r x1vvkbs xtlvy1s">Ak sa oneskoríte zavolajte alebo pošlite správu na číslo 0902 463 263.</div>
<div></div>
<div class="x11i5rnm xat24cr x1mh8g0r x1vvkbs xtlvy1s">Tešíme sa na vás.</div>
<div></div>
<div>Komunitné stretnutia podporili z verejných zdrojov <a href="https://www.justice.gov.sk/">Ministerstvo spravodlivosti SR</a>, <a href="https://nadaciamesta.bratislava.sk/">Nadácia mesta Bratislava</a>, <a href="https://bratislavskykraj.sk/">Bratislavský samosprávny kraj</a>, <a href="https://www.culture.gov.sk/">Ministerstvo kultúry SR</a>.</div>

<p>Srdečne vás pozývame na komunitné stretnutie s workshopom teplého vyšívania krížikovým stehom ostrou ihlou s People on Earth v Kultúrnom centre P*AKT pre všetkých LGBTI+ ľudí, ich blízkych a priateľských <a href="https://duhovyrok.sk/nomantinels/event/komunitne-stretnutie-s-workshopom-tepleho-vysivania-aj-pre-blizkych-a-priatelskych-ludi/" class="more-link">&#8230;</a></p>
