{"id":1396,"date":"2023-11-28T12:50:49","date_gmt":"2023-11-28T11:50:49","guid":{"rendered":"https:\/\/duhovyrok.sk\/nomantinels\/?post_type=tribe_events&#038;p=1396"},"modified":"2023-12-01T17:28:17","modified_gmt":"2023-12-01T16:28:17","slug":"predvianocna-diskusia-kvir-kultura-jej-vyzvy-a-buducnost","status":"publish","type":"tribe_events","link":"https:\/\/duhovyrok.sk\/nomantinels\/event\/predvianocna-diskusia-kvir-kultura-jej-vyzvy-a-buducnost\/","title":{"rendered":"Predviano\u010dn\u00e1 diskusia: Kv\u00edr kult\u00fara, jej v\u00fdzvy a bud\u00facnos\u0165"},"content":{"rendered":"<p>Ak\u00e9 v\u00fdznamn\u00e9 kv\u00edr kult\u00farne udalosti sa odohrali v poslednom obdob\u00ed? \u010co v\u0161etko m\u00f4\u017ee spada\u0165 do queer kult\u00fary? M\u00e1 zmysel podporova\u0165 queer kult\u00faru? Nako\u013eko minuloro\u010dn\u00fd teroristick\u00fd \u00fatok v Tepl\u00e1rni a anti-trans r\u00e9torika ovplyvnila kv\u00edr kult\u00faru? Ak\u00fa m\u00e1 kv\u00edr kult\u00fara bud\u00facnos\u0165?<\/p>\n<p>To v\u0161etko s na\u0161im hos\u0165ovstvom: re\u017eis\u00e9rkou Emou Ben\u010d\u00edkovu, spisovate\u013eom Jakubom Spev\u00e1kom a \u010fal\u0161\u00edmi, ktor\u00ed si pre v\u00e1s pripravia aj \u010d\u00edtanie zo svojich diel. Moderuje Andrej Kuruc.<\/p>\n<p>Te\u0161\u00edme sa na v\u00e1s.<\/p>\n<p>Aktivitu podporili z verejn\u00fdch zdrojov\u00a0<a href=\"https:\/\/www.justice.gov.sk\/\">Ministerstvo spravodlivosti SR<\/a>,\u00a0<a href=\"https:\/\/nadaciamesta.bratislava.sk\/\">Nad\u00e1cia mesta Bratislava<\/a>,\u00a0<a href=\"https:\/\/bratislavskykraj.sk\/\">Bratislavsk\u00fd samospr\u00e1vny kraj<\/a>,\u00a0<a href=\"https:\/\/www.culture.gov.sk\/\">Ministerstvo kult\u00fary SR<\/a>.<\/p>\n","protected":false},"excerpt":{"rendered":"<p>Ak\u00e9 v\u00fdznamn\u00e9 kv\u00edr kult\u00farne udalosti sa odohrali v poslednom obdob\u00ed? \u010co v\u0161etko m\u00f4\u017ee spada\u0165 do queer kult\u00fary? M\u00e1 zmysel podporova\u0165 queer kult\u00faru? Nako\u013eko minuloro\u010dn\u00fd teroristick\u00fd \u00fatok v Tepl\u00e1rni a anti-trans <a href=\"https:\/\/duhovyrok.sk\/nomantinels\/event\/predvianocna-diskusia-kvir-kultura-jej-vyzvy-a-buducnost\/\" class=\"more-link\">&#8230;<\/a><\/p>\n","protected":false},"author":9,"featured_media":1401,"comment_status":"closed","ping_status":"closed","template":"","meta":{"_tribe_events_status":"","_tribe_events_status_reason":"","footnotes":""},"tags":[46,31,138,121,76],"tribe_events_cat":[],"class_list":["post-1396","tribe_events","type-tribe_events","status-publish","has-post-thumbnail","hentry","tag-diskusia","tag-komunitne-podujatie","tag-kultura","tag-kvir","tag-pakt"],"_links":{"self":[{"href":"https:\/\/duhovyrok.sk\/nomantinels\/wp-json\/wp\/v2\/tribe_events\/1396","targetHints":{"allow":["GET"]}}],"collection":[{"href":"https:\/\/duhovyrok.sk\/nomantinels\/wp-json\/wp\/v2\/tribe_events"}],"about":[{"href":"https:\/\/duhovyrok.sk\/nomantinels\/wp-json\/wp\/v2\/types\/tribe_events"}],"author":[{"embeddable":true,"href":"https:\/\/duhovyrok.sk\/nomantinels\/wp-json\/wp\/v2\/users\/9"}],"replies":[{"embeddable":true,"href":"https:\/\/duhovyrok.sk\/nomantinels\/wp-json\/wp\/v2\/comments?post=1396"}],"version-history":[{"count":2,"href":"https:\/\/duhovyrok.sk\/nomantinels\/wp-json\/wp\/v2\/tribe_events\/1396\/revisions"}],"predecessor-version":[{"id":1402,"href":"https:\/\/duhovyrok.sk\/nomantinels\/wp-json\/wp\/v2\/tribe_events\/1396\/revisions\/1402"}],"wp:featuredmedia":[{"embeddable":true,"href":"https:\/\/duhovyrok.sk\/nomantinels\/wp-json\/wp\/v2\/media\/1401"}],"wp:attachment":[{"href":"https:\/\/duhovyrok.sk\/nomantinels\/wp-json\/wp\/v2\/media?parent=1396"}],"wp:term":[{"taxonomy":"post_tag","embeddable":true,"href":"https:\/\/duhovyrok.sk\/nomantinels\/wp-json\/wp\/v2\/tags?post=1396"},{"taxonomy":"tribe_events_cat","embeddable":true,"href":"https:\/\/duhovyrok.sk\/nomantinels\/wp-json\/wp\/v2\/tribe_events_cat?post=1396"}],"curies":[{"name":"wp","href":"https:\/\/api.w.org\/{rel}","templated":true}]}}

Predvianočná diskusia: Kvír kultúra, jej výzvy a budúcnosť

<p>Aké významné kvír kultúrne udalosti sa odohrali v poslednom období? Čo všetko môže spadať do queer kultúry? Má zmysel podporovať queer kultúru? Nakoľko minuloročný teroristický útok v Teplárni a anti-trans rétorika ovplyvnila kvír kultúru? Akú má kvír kultúra budúcnosť?</p>
<p>To všetko s našim hosťovstvom: režisérkou Emou Benčíkovu, spisovateľom Jakubom Spevákom a ďalšími, ktorí si pre vás pripravia aj čítanie zo svojich diel. Moderuje Andrej Kuruc.</p>
<p>Tešíme sa na vás.</p>
<p>Aktivitu podporili z verejných zdrojov <a href="https://www.justice.gov.sk/">Ministerstvo spravodlivosti SR</a>, <a href="https://nadaciamesta.bratislava.sk/">Nadácia mesta Bratislava</a>, <a href="https://bratislavskykraj.sk/">Bratislavský samosprávny kraj</a>, <a href="https://www.culture.gov.sk/">Ministerstvo kultúry SR</a>.</p>

<p>Aké významné kvír kultúrne udalosti sa odohrali v poslednom období? Čo všetko môže spadať do queer kultúry? Má zmysel podporovať queer kultúru? Nakoľko minuloročný teroristický útok v Teplárni a anti-trans <a href="https://duhovyrok.sk/nomantinels/event/predvianocna-diskusia-kvir-kultura-jej-vyzvy-a-buducnost/" class="more-link">&#8230;</a></p>
