{"id":1207,"date":"2022-11-09T15:49:11","date_gmt":"2022-11-09T14:49:11","guid":{"rendered":"https:\/\/duhovyrok.sk\/nomantinels\/?post_type=tribe_events&#038;p=1207"},"modified":"2022-11-15T16:26:39","modified_gmt":"2022-11-15T15:26:39","slug":"tepla-vlna-nazivo-iva-z-teplarne-martin-strizinec","status":"publish","type":"tribe_events","link":"https:\/\/duhovyrok.sk\/nomantinels\/event\/tepla-vlna-nazivo-iva-z-teplarne-martin-strizinec\/","title":{"rendered":"Tepl\u00e1 vlna na\u017eivo: Iva z Tepl\u00e1rne, Martin Stri\u017einec, Sa\u0161a Dr\u00e1bek"},"content":{"rendered":"<p>\u2744\ufe0f Ob\u013e\u00faben\u00fd kv\u00edr podcast Tepl\u00e1 vlna sa zo \u0161t\u00fadia op\u00e4\u0165 pres\u00fava bli\u017e\u0161ie k v\u00e1m. Sta\u0148te sa s\u00fa\u010das\u0165ou nahr\u00e1vania troch rozhovoroch s v\u00fdnimo\u010dn\u00fdmi osobnos\u0165ami, ktor\u00e9 zvidite\u013e\u0148uj\u00fa slovensk\u00fa queer komunitu.<\/p>\n<p>Pravidelne v\u00e1m prin\u00e1\u0161ame rozhovory o ich \u017eivote, in\u0161pirat\u00edvnych veciach, ktor\u00fdmi sa zaoberaj\u00fa a odvahe, ktor\u00e1 im pomohla prekona\u0165 predsudky okolia.<\/p>\n<p>\ud83d\udc65 Pridajte sa k \u017eiv\u00e9mu nahr\u00e1vaniu Teplej vlny u\u017e v piatok, 25. novembra o 18:00 v kult\u00farnom centre P*AKT. Podujatie je s\u00fa\u010das\u0165ou sprievodn\u00fdch podujat\u00ed <a href=\"https:\/\/www.ffi.sk\/\">Filmov\u00e9ho festivalu inakosti<\/a>.\ud83c\udf9e\ufe0f<\/p>\n<p>\u2744\ufe0f Iva je barmankou Tepl\u00e1rne u\u017e p\u00e1r rokov a bola bl\u00edzkou obetiam teroristick\u00e9ho \u00fatoku.<\/p>\n<p>\u2744\ufe0f Martin Stri\u017einec bol predt\u00fdm moder\u00e1torom RTVS, dnes je hovorcom prezidentky Zuzany \u010caputovej. Po teroristickom \u00fatoku na Tepl\u00e1re\u0148 spravil verejn\u00fd coming-out.<\/p>\n<p>\u2744\ufe0f Liberty Blake Simon sa bude rozpr\u00e1va\u0165 so Sa\u0161ou Dr\u00e1bek. O tom, ak\u00e9 je to by\u0165 \u017eenou na Slovensku. O hudbe. O umen\u00ed. A o sile pre\u017ei\u0165 vo svete, ktor\u00fd nie je rovn\u00fd ku v\u0161etk\u00fdm.<\/p>\n<p>PROGRAM:<br \/>\n\u2744\ufe0f18:00 Iva z Tepl\u00e1rne<br \/>\n\u2744\ufe0f18:40 Martin Stri\u017einec<br \/>\n\u2744\ufe0f19:20 Sa\u0161a Dr\u00e1bek<\/p>\n<p>Moderuje Andrej Kuruc, Marek Hudec a Liberty Blake Simon.<\/p>\n<p>Podujatie z verejn\u00fdch zdrojov podporil <a href=\"https:\/\/www.fpu.sk\/sk\/\">Fond na podporu umenia<\/a> a <a href=\"https:\/\/www.justice.gov.sk\/\">Ministerstvo spravodlivosti SR<\/a>.<\/p>\n","protected":false},"excerpt":{"rendered":"<p>\u2744\ufe0f Ob\u013e\u00faben\u00fd kv\u00edr podcast Tepl\u00e1 vlna sa zo \u0161t\u00fadia op\u00e4\u0165 pres\u00fava bli\u017e\u0161ie k v\u00e1m. Sta\u0148te sa s\u00fa\u010das\u0165ou nahr\u00e1vania troch rozhovoroch s v\u00fdnimo\u010dn\u00fdmi osobnos\u0165ami, ktor\u00e9 zvidite\u013e\u0148uj\u00fa slovensk\u00fa queer komunitu. Pravidelne v\u00e1m <a href=\"https:\/\/duhovyrok.sk\/nomantinels\/event\/tepla-vlna-nazivo-iva-z-teplarne-martin-strizinec\/\" class=\"more-link\">&#8230;<\/a><\/p>\n","protected":false},"author":9,"featured_media":0,"comment_status":"closed","ping_status":"closed","template":"","meta":{"_tribe_events_status":"","_tribe_events_status_reason":"","footnotes":""},"tags":[54,80,79,78,89,81,82,20,57,77],"tribe_events_cat":[],"class_list":["post-1207","tribe_events","type-tribe_events","status-publish","hentry","tag-divadlo-nomantinels","tag-filmovy-festival-inakosti","tag-iva-z-teplarne","tag-martin-strizinec","tag-sasa-drabek","tag-sprievodka","tag-sprievodne-podujatie","tag-tepla-vlna","tag-tepla-vlna-online","tag-zive-natacanie"],"_links":{"self":[{"href":"https:\/\/duhovyrok.sk\/nomantinels\/wp-json\/wp\/v2\/tribe_events\/1207","targetHints":{"allow":["GET"]}}],"collection":[{"href":"https:\/\/duhovyrok.sk\/nomantinels\/wp-json\/wp\/v2\/tribe_events"}],"about":[{"href":"https:\/\/duhovyrok.sk\/nomantinels\/wp-json\/wp\/v2\/types\/tribe_events"}],"author":[{"embeddable":true,"href":"https:\/\/duhovyrok.sk\/nomantinels\/wp-json\/wp\/v2\/users\/9"}],"replies":[{"embeddable":true,"href":"https:\/\/duhovyrok.sk\/nomantinels\/wp-json\/wp\/v2\/comments?post=1207"}],"version-history":[{"count":4,"href":"https:\/\/duhovyrok.sk\/nomantinels\/wp-json\/wp\/v2\/tribe_events\/1207\/revisions"}],"predecessor-version":[{"id":1219,"href":"https:\/\/duhovyrok.sk\/nomantinels\/wp-json\/wp\/v2\/tribe_events\/1207\/revisions\/1219"}],"wp:attachment":[{"href":"https:\/\/duhovyrok.sk\/nomantinels\/wp-json\/wp\/v2\/media?parent=1207"}],"wp:term":[{"taxonomy":"post_tag","embeddable":true,"href":"https:\/\/duhovyrok.sk\/nomantinels\/wp-json\/wp\/v2\/tags?post=1207"},{"taxonomy":"tribe_events_cat","embeddable":true,"href":"https:\/\/duhovyrok.sk\/nomantinels\/wp-json\/wp\/v2\/tribe_events_cat?post=1207"}],"curies":[{"name":"wp","href":"https:\/\/api.w.org\/{rel}","templated":true}]}}

Teplá vlna naživo: Iva z Teplárne, Martin Strižinec, Saša Drábek

<p>❄️ Obľúbený kvír podcast Teplá vlna sa zo štúdia opäť presúva bližšie k vám. Staňte sa súčasťou nahrávania troch rozhovoroch s výnimočnými osobnosťami, ktoré zviditeľňujú slovenskú queer komunitu.</p>
<p>Pravidelne vám prinášame rozhovory o ich živote, inšpiratívnych veciach, ktorými sa zaoberajú a odvahe, ktorá im pomohla prekonať predsudky okolia.</p>
<p>👥 Pridajte sa k živému nahrávaniu Teplej vlny už v piatok, 25. novembra o 18:00 v kultúrnom centre P*AKT. Podujatie je súčasťou sprievodných podujatí <a href="https://www.ffi.sk/">Filmového festivalu inakosti</a>.🎞️</p>
<p>❄️ Iva je barmankou Teplárne už pár rokov a bola blízkou obetiam teroristického útoku.</p>
<p>❄️ Martin Strižinec bol predtým moderátorom RTVS, dnes je hovorcom prezidentky Zuzany Čaputovej. Po teroristickom útoku na Tepláreň spravil verejný coming-out.</p>
<p>❄️ Liberty Blake Simon sa bude rozprávať so Sašou Drábek. O tom, aké je to byť ženou na Slovensku. O hudbe. O umení. A o sile prežiť vo svete, ktorý nie je rovný ku všetkým.</p>
<p>PROGRAM:<br />
❄️18:00 Iva z Teplárne<br />
❄️18:40 Martin Strižinec<br />
❄️19:20 Saša Drábek</p>
<p>Moderuje Andrej Kuruc, Marek Hudec a Liberty Blake Simon.</p>
<p>Podujatie z verejných zdrojov podporil <a href="https://www.fpu.sk/sk/">Fond na podporu umenia</a> a <a href="https://www.justice.gov.sk/">Ministerstvo spravodlivosti SR</a>.</p>

<p>❄️ Obľúbený kvír podcast Teplá vlna sa zo štúdia opäť presúva bližšie k vám. Staňte sa súčasťou nahrávania troch rozhovoroch s výnimočnými osobnosťami, ktoré zviditeľňujú slovenskú queer komunitu. Pravidelne vám <a href="https://duhovyrok.sk/nomantinels/event/tepla-vlna-nazivo-iva-z-teplarne-martin-strizinec/" class="more-link">&#8230;</a></p>
