{"id":1189,"date":"2022-10-04T13:17:06","date_gmt":"2022-10-04T11:17:06","guid":{"rendered":"https:\/\/duhovyrok.sk\/nomantinels\/?post_type=tribe_events&#038;p=1189"},"modified":"2022-10-04T13:17:06","modified_gmt":"2022-10-04T11:17:06","slug":"lgbtiq-trening-pre-mladez-a-odborne-profesie","status":"publish","type":"tribe_events","link":"https:\/\/duhovyrok.sk\/nomantinels\/event\/lgbtiq-trening-pre-mladez-a-odborne-profesie\/","title":{"rendered":"LGBTIQ+ tr\u00e9ning pre ml\u00e1de\u017e a odborn\u00e9 profesie"},"content":{"rendered":"<div class=\"xdj266r x11i5rnm xat24cr x1mh8g0r x1vvkbs\">Chceli by ste pracova\u0165 v oblasti LGBTIQ+ problematiky, sta\u0165 sa podporovate\u013eom \u010di podporovate\u013ekou komunity, alebo chcete zlep\u0161i\u0165 \u017eivoty queer \u013eud\u00ed na Slovensku? Radi v\u00e1s priv\u00edtame na na\u0161om tr\u00e9ningu.<\/div>\n<div class=\"xdj266r x11i5rnm xat24cr x1mh8g0r x1vvkbs\">\nTr\u00e9ning pozost\u00e1va z 3 vzdel\u00e1vac\u00edch v\u00edkendov (ka\u017ed\u00fd v\u00edkend 16 hod\u00edn, spolu 48 hod\u00edn). Prv\u00fd tr\u00e9ning sa bude kona\u0165 29. \u2013 30.10. 2022 v \u010dase od 10:00 do 18:00 (s prest\u00e1vkami) v Kult\u00farnom centre Pakt na Pionierskej 17 v Bratislave.<\/div>\n<div class=\"xdj266r x11i5rnm xat24cr x1mh8g0r x1vvkbs\">\nPrihl\u00e1si\u0165 sa m\u00f4\u017eete tu:\u00a0<a class=\"x1i10hfl xjbqb8w x6umtig x1b1mbwd xaqea5y xav7gou x9f619 x1ypdohk xt0psk2 xe8uvvx xdj266r x11i5rnm xat24cr x1mh8g0r xexx8yu x4uap5 x18d9i69 xkhd6sd x16tdsg8 x1hl2dhg xggy1nq x1a2a7pz xt0b8zv x1fey0fg\" role=\"link\" href=\"https:\/\/l.facebook.com\/l.php?u=https%3A%2F%2Flnk.sk%2Fuanx%3Ffbclid%3DIwAR37G3PkC1G_yUrnyWSLetWwHyioAq2Q6SwrogPJoyrC2OqJSQYKTQonrc4&amp;h=AT1fQlRrAotU9WYe4GlZLA3hsYxHEotWBxF0MylW5CMjK5ymqRB1gjL6FYGYJwElhxlk3IIx1l_OZd47zsGhDbQcoGzzn3WCjfnnURjDh2gvCvrL7LzodpyuN_lUZO6Ulg&amp;__tn__=q&amp;c[0]=AT0PV_Pf_IVGdKcqdyHFyWqhB0jghyrbvrjs9kG81DU4oZ6r2pZ78N4xoI5pqWe5qP9T0xTv2dd2ClEX2_rz0y97KLwJxgdlQ-SRcz0ChmM7hUESy9Vv4V1kYzS661rMT3GqSpYLBsvQ40foP09TlIrEBQr0RB1FpKWbLSW2AGRBM3jYgKnpsQ\" target=\"_blank\" rel=\"nofollow noopener\">https:\/\/lnk.sk\/uanx<\/a><\/div>\n<div><\/div>\n<div class=\"x11i5rnm xat24cr x1mh8g0r x1vvkbs xtlvy1s\">Na tr\u00e9ningu sa dozviete ve\u013ea aktu\u00e1lnych inform\u00e1ci\u00ed a z\u00edskate lep\u0161ie zru\u010dnosti k nasledovn\u00fdm t\u00e9mam:<br \/>\n&#8211; \u013eudskopr\u00e1vna terminol\u00f3gia a d\u00f4le\u017eit\u00e9 pojmy, ktor\u00e9 v\u00e1m pom\u00f4\u017eu lep\u0161ie pochopi\u0165 t\u00e9mu<br \/>\n&#8211; m\u00fdty, hoaxy a klamliv\u00e9 tvrdenia a ako sa vo\u010di nim \u00fa\u010dinne postavi\u0165<br \/>\n&#8211; poznatky zalo\u017een\u00e9 na v\u00fdskumn\u00fdch zisteniach \u2013 v\u00fdborn\u00fd n\u00e1stroj na argument\u00e1ciu<br \/>\n&#8211; hist\u00f3ria emancip\u00e1cie \u013eudsk\u00fdch pr\u00e1v LGBTI \u013eud\u00ed v strednej Eur\u00f3pe<br \/>\n&#8211; coming out doma, v \u0161kole, na pracovisku a vo verejnom priestore<br \/>\n&#8211; tranz\u00edcia a pr\u00e1va transrodov\u00fdch \u013eud\u00ed<br \/>\n&#8211; \u0161ikana a men\u0161inov\u00fd stres LGBTIQ+ \u013eud\u00ed \u2013 \u010do s t\u00fdm, ako pom\u00f4c\u0165, kde h\u013eada\u0165 rie\u0161enia, ako zlep\u0161i\u0165 situ\u00e1ciu<br \/>\n&#8211; medzin\u00e1rodn\u00fd a slovensk\u00fd pr\u00e1vny kontext \u013eudsk\u00fdch pr\u00e1v LGBTIQ+ \u013eud\u00ed<br \/>\n&#8211; zlo\u010diny z nen\u00e1visti a verb\u00e1lne nen\u00e1vistn\u00e9 prejavy zalo\u017een\u00e9 na sexu\u00e1lnej orient\u00e1cii a rodovej identite<br \/>\n&#8211; n\u00e1stroje a techniky na prevenciu homonegativity a transnegativity v pr\u00e1ci s ml\u00e1de\u017eou<br \/>\n&#8211; umenie ako n\u00e1stroj na \u0161\u00edrenie akcept\u00e1cie vo vz\u0165ahu k LGBTIQ+ \u013eu\u010fom<\/div>\n<div><\/div>\n<div class=\"x11i5rnm xat24cr x1mh8g0r x1vvkbs xtlvy1s\">Prihl\u00e1si\u0165 sa m\u00f4\u017eete aj z r\u00f4znych regi\u00f3nov Slovenska (teda nielen z Bratislavy), ubytovanie budete ma\u0165 zabezpe\u010den\u00e9, ako aj preplaten\u00e9 cestovn\u00e9. Na tr\u00e9ningu bude zabezpe\u010den\u00e1 strava a vytla\u010den\u00e9 handouty.<\/div>\n<div class=\"x11i5rnm xat24cr x1mh8g0r x1vvkbs xtlvy1s\">Va\u0161u prihl\u00e1\u0161ku pova\u017eujeme za z\u00e1v\u00e4zn\u00fa. Ke\u010f\u017ee s\u00fa s pr\u00edpravou tr\u00e9ningu spojen\u00e9 zna\u010dn\u00e9 finan\u010dn\u00e9 n\u00e1klady, d\u00e1vame k prihl\u00e1\u0161ke n\u00edzky poplatok 20 Eur.<\/div>\n<div class=\"x11i5rnm xat24cr x1mh8g0r x1vvkbs xtlvy1s\">\nNa konci tr\u00e9ningu dostanete certifik\u00e1t a mo\u017enos\u0165 zapoji\u0165 sa dobrovo\u013en\u00edcky do \u010dinnosti LGBTIQ+ organiz\u00e1ci\u00ed.<\/div>\n<div class=\"x11i5rnm xat24cr x1mh8g0r x1vvkbs xtlvy1s\">Kto sa na v\u00e1s te\u0161\u00ed?<\/div>\n<div class=\"x11i5rnm xat24cr x1mh8g0r x1vvkbs xtlvy1s\">\n<strong>JANA JABLONICK\u00c1 ZEZULOV\u00c1<\/strong><br \/>\nVy\u0161tudovala filozofiu a hist\u00f3riu na Filozofickej fakulte Univerzity Komensk\u00e9ho v Bratislave. Je \u010dlenkou ob\u010dianskeho zdru\u017eenia Iniciat\u00edva Inakos\u0165, kde realizuje vzdel\u00e1vacie a osvetov\u00e9 aktivity a historick\u00fd v\u00fdskum emancip\u00e1cie homosexuality v \u010ceskoslovensku a na Slovensku. P\u00f4sobila v Centre rodov\u00fdch \u0161t\u00fadi\u00ed na FF UK ako koordin\u00e1torka, nesk\u00f4r ako projektov\u00e1 mana\u017e\u00e9rka a expertka v r\u00e1mci r\u00f4znych vzdel\u00e1vac\u00edch a v\u00fdskumn\u00fdch projektov. Pracovala v ob\u010dianskom zdru\u017een\u00ed Mo\u017enos\u0165 vo\u013eby, kde sa podie\u013eala na koordin\u00e1cii projektov a lektorovala v oblasti pr\u00e1v \u017eien a rodovej rovnosti. V s\u00fa\u010dasnosti pracuje ako analyti\u010dka a v\u00fdskumn\u00ed\u010dka In\u0161tit\u00fatu pre v\u00fdskum pr\u00e1ce a rodiny v oblasti rodovej rovnosti.<\/div>\n<div><\/div>\n<div class=\"x11i5rnm xat24cr x1mh8g0r x1vvkbs xtlvy1s\"><strong>ANDREJ KURUC<\/strong><br \/>\nVy\u0161tudoval psychol\u00f3giu na Filozofickej fakulte Univerzity Komensk\u00e9ho. Dlh\u00e9 roky p\u00f4sob\u00ed v mimovl\u00e1dnom sektore, kde sa venuje \u013eudsk\u00fdm pr\u00e1vam \u017eien a LGBTIQ+ \u013eud\u00ed. Venuje sa aj v\u00fdskumu a vzdel\u00e1vaniu v t\u00e9me rodovej rovnosti, antidiskrimin\u00e1cie a \u013eudsk\u00fdch pr\u00e1v LGBTI \u013eud\u00ed, ako aj psychologick\u00e9mu poradenstvu. Nap\u00edsal viacero \u0161t\u00fadi\u00ed a pr\u00edru\u010diek so zameran\u00edm na tieto t\u00e9my. Od roku 2015 pracuje v In\u0161tit\u00fate pre v\u00fdskum pr\u00e1ce a rodiny, kde sa venoval oblasti dom\u00e1ceho a rodovo podmienen\u00e9ho n\u00e1silia na \u017een\u00e1ch a v s\u00fa\u010dasnosti je analytikom a v\u00fdskumn\u00edkom pre oblas\u0165 rodovej rovnosti.<\/div>\n<div><\/div>\n<div class=\"x11i5rnm xat24cr x1mh8g0r x1vvkbs xtlvy1s\">Tr\u00e9ning z verejn\u00fdch zdrojov podporili <a href=\"https:\/\/www.justice.gov.sk\/\">Ministerstvo spravodlivosti SR<\/a> a <a href=\"https:\/\/www.culture.gov.sk\/\">Ministerstvo kult\u00fary SR<\/a>.<\/div>\n<div><\/div>\n<div class=\"x11i5rnm xat24cr x1mh8g0r x1vvkbs xtlvy1s\">Realizovan\u00e9 s finan\u010dnou podporou Ministerstva spravodlivosti SR v r\u00e1mci dota\u010dn\u00e9ho programu na presadzovanie, podporu a ochranu \u013eudsk\u00fdch pr\u00e1v a slob\u00f4d a na predch\u00e1dzanie v\u0161etk\u00fdm form\u00e1m diskrimin\u00e1cie, rasizmu, xenof\u00f3bie, antisemitizmu a ostatn\u00fdm prejavom intolerancie. Za obsah tohto dokumentu v\u00fdlu\u010dne zodpoved\u00e1 NOMANTINELS.<\/div>\n","protected":false},"excerpt":{"rendered":"<p>Chceli by ste pracova\u0165 v oblasti LGBTIQ+ problematiky, sta\u0165 sa podporovate\u013eom \u010di podporovate\u013ekou komunity, alebo chcete zlep\u0161i\u0165 \u017eivoty queer \u013eud\u00ed na Slovensku? Radi v\u00e1s priv\u00edtame na na\u0161om tr\u00e9ningu. Tr\u00e9ning pozost\u00e1va <a href=\"https:\/\/duhovyrok.sk\/nomantinels\/event\/lgbtiq-trening-pre-mladez-a-odborne-profesie\/\" class=\"more-link\">&#8230;<\/a><\/p>\n","protected":false},"author":9,"featured_media":1190,"comment_status":"closed","ping_status":"closed","template":"","meta":{"_tribe_events_status":"","_tribe_events_status_reason":"","footnotes":""},"tags":[67,31,73,69],"tribe_events_cat":[],"class_list":["post-1189","tribe_events","type-tribe_events","status-publish","has-post-thumbnail","hentry","tag-centrum-komunitneho-stretavania","tag-komunitne-podujatie","tag-trening","tag-workshop"],"_links":{"self":[{"href":"https:\/\/duhovyrok.sk\/nomantinels\/wp-json\/wp\/v2\/tribe_events\/1189","targetHints":{"allow":["GET"]}}],"collection":[{"href":"https:\/\/duhovyrok.sk\/nomantinels\/wp-json\/wp\/v2\/tribe_events"}],"about":[{"href":"https:\/\/duhovyrok.sk\/nomantinels\/wp-json\/wp\/v2\/types\/tribe_events"}],"author":[{"embeddable":true,"href":"https:\/\/duhovyrok.sk\/nomantinels\/wp-json\/wp\/v2\/users\/9"}],"replies":[{"embeddable":true,"href":"https:\/\/duhovyrok.sk\/nomantinels\/wp-json\/wp\/v2\/comments?post=1189"}],"version-history":[{"count":1,"href":"https:\/\/duhovyrok.sk\/nomantinels\/wp-json\/wp\/v2\/tribe_events\/1189\/revisions"}],"predecessor-version":[{"id":1191,"href":"https:\/\/duhovyrok.sk\/nomantinels\/wp-json\/wp\/v2\/tribe_events\/1189\/revisions\/1191"}],"wp:featuredmedia":[{"embeddable":true,"href":"https:\/\/duhovyrok.sk\/nomantinels\/wp-json\/wp\/v2\/media\/1190"}],"wp:attachment":[{"href":"https:\/\/duhovyrok.sk\/nomantinels\/wp-json\/wp\/v2\/media?parent=1189"}],"wp:term":[{"taxonomy":"post_tag","embeddable":true,"href":"https:\/\/duhovyrok.sk\/nomantinels\/wp-json\/wp\/v2\/tags?post=1189"},{"taxonomy":"tribe_events_cat","embeddable":true,"href":"https:\/\/duhovyrok.sk\/nomantinels\/wp-json\/wp\/v2\/tribe_events_cat?post=1189"}],"curies":[{"name":"wp","href":"https:\/\/api.w.org\/{rel}","templated":true}]}}

LGBTIQ+ tréning pre mládež a odborné profesie

<div class="xdj266r x11i5rnm xat24cr x1mh8g0r x1vvkbs">Chceli by ste pracovať v oblasti LGBTIQ+ problematiky, stať sa podporovateľom či podporovateľkou komunity, alebo chcete zlepšiť životy queer ľudí na Slovensku? Radi vás privítame na našom tréningu.</div>
<div class="xdj266r x11i5rnm xat24cr x1mh8g0r x1vvkbs">
Tréning pozostáva z 3 vzdelávacích víkendov (každý víkend 16 hodín, spolu 48 hodín). Prvý tréning sa bude konať 29. – 30.10. 2022 v čase od 10:00 do 18:00 (s prestávkami) v Kultúrnom centre Pakt na Pionierskej 17 v Bratislave.</div>
<div class="xdj266r x11i5rnm xat24cr x1mh8g0r x1vvkbs">
Prihlásiť sa môžete tu: <a class="x1i10hfl xjbqb8w x6umtig x1b1mbwd xaqea5y xav7gou x9f619 x1ypdohk xt0psk2 xe8uvvx xdj266r x11i5rnm xat24cr x1mh8g0r xexx8yu x4uap5 x18d9i69 xkhd6sd x16tdsg8 x1hl2dhg xggy1nq x1a2a7pz xt0b8zv x1fey0fg" role="link" href="https://l.facebook.com/l.php?u=https%3A%2F%2Flnk.sk%2Fuanx%3Ffbclid%3DIwAR37G3PkC1G_yUrnyWSLetWwHyioAq2Q6SwrogPJoyrC2OqJSQYKTQonrc4&amp;h=AT1fQlRrAotU9WYe4GlZLA3hsYxHEotWBxF0MylW5CMjK5ymqRB1gjL6FYGYJwElhxlk3IIx1l_OZd47zsGhDbQcoGzzn3WCjfnnURjDh2gvCvrL7LzodpyuN_lUZO6Ulg&amp;__tn__=q&amp;c[0]=AT0PV_Pf_IVGdKcqdyHFyWqhB0jghyrbvrjs9kG81DU4oZ6r2pZ78N4xoI5pqWe5qP9T0xTv2dd2ClEX2_rz0y97KLwJxgdlQ-SRcz0ChmM7hUESy9Vv4V1kYzS661rMT3GqSpYLBsvQ40foP09TlIrEBQr0RB1FpKWbLSW2AGRBM3jYgKnpsQ" target="_blank" rel="nofollow noopener">https://lnk.sk/uanx</a></div>
<div></div>
<div class="x11i5rnm xat24cr x1mh8g0r x1vvkbs xtlvy1s">Na tréningu sa dozviete veľa aktuálnych informácií a získate lepšie zručnosti k nasledovným témam:<br />
&#8211; ľudskoprávna terminológia a dôležité pojmy, ktoré vám pomôžu lepšie pochopiť tému<br />
&#8211; mýty, hoaxy a klamlivé tvrdenia a ako sa voči nim účinne postaviť<br />
&#8211; poznatky založené na výskumných zisteniach – výborný nástroj na argumentáciu<br />
&#8211; história emancipácie ľudských práv LGBTI ľudí v strednej Európe<br />
&#8211; coming out doma, v škole, na pracovisku a vo verejnom priestore<br />
&#8211; tranzícia a práva transrodových ľudí<br />
&#8211; šikana a menšinový stres LGBTIQ+ ľudí – čo s tým, ako pomôcť, kde hľadať riešenia, ako zlepšiť situáciu<br />
&#8211; medzinárodný a slovenský právny kontext ľudských práv LGBTIQ+ ľudí<br />
&#8211; zločiny z nenávisti a verbálne nenávistné prejavy založené na sexuálnej orientácii a rodovej identite<br />
&#8211; nástroje a techniky na prevenciu homonegativity a transnegativity v práci s mládežou<br />
&#8211; umenie ako nástroj na šírenie akceptácie vo vzťahu k LGBTIQ+ ľuďom</div>
<div></div>
<div class="x11i5rnm xat24cr x1mh8g0r x1vvkbs xtlvy1s">Prihlásiť sa môžete aj z rôznych regiónov Slovenska (teda nielen z Bratislavy), ubytovanie budete mať zabezpečené, ako aj preplatené cestovné. Na tréningu bude zabezpečená strava a vytlačené handouty.</div>
<div class="x11i5rnm xat24cr x1mh8g0r x1vvkbs xtlvy1s">Vašu prihlášku považujeme za záväznú. Keďže sú s prípravou tréningu spojené značné finančné náklady, dávame k prihláške nízky poplatok 20 Eur.</div>
<div class="x11i5rnm xat24cr x1mh8g0r x1vvkbs xtlvy1s">
Na konci tréningu dostanete certifikát a možnosť zapojiť sa dobrovoľnícky do činnosti LGBTIQ+ organizácií.</div>
<div class="x11i5rnm xat24cr x1mh8g0r x1vvkbs xtlvy1s">Kto sa na vás teší?</div>
<div class="x11i5rnm xat24cr x1mh8g0r x1vvkbs xtlvy1s">
<strong>JANA JABLONICKÁ ZEZULOVÁ</strong><br />
Vyštudovala filozofiu a históriu na Filozofickej fakulte Univerzity Komenského v Bratislave. Je členkou občianskeho združenia Iniciatíva Inakosť, kde realizuje vzdelávacie a osvetové aktivity a historický výskum emancipácie homosexuality v Československu a na Slovensku. Pôsobila v Centre rodových štúdií na FF UK ako koordinátorka, neskôr ako projektová manažérka a expertka v rámci rôznych vzdelávacích a výskumných projektov. Pracovala v občianskom združení Možnosť voľby, kde sa podieľala na koordinácii projektov a lektorovala v oblasti práv žien a rodovej rovnosti. V súčasnosti pracuje ako analytička a výskumníčka Inštitútu pre výskum práce a rodiny v oblasti rodovej rovnosti.</div>
<div></div>
<div class="x11i5rnm xat24cr x1mh8g0r x1vvkbs xtlvy1s"><strong>ANDREJ KURUC</strong><br />
Vyštudoval psychológiu na Filozofickej fakulte Univerzity Komenského. Dlhé roky pôsobí v mimovládnom sektore, kde sa venuje ľudským právam žien a LGBTIQ+ ľudí. Venuje sa aj výskumu a vzdelávaniu v téme rodovej rovnosti, antidiskriminácie a ľudských práv LGBTI ľudí, ako aj psychologickému poradenstvu. Napísal viacero štúdií a príručiek so zameraním na tieto témy. Od roku 2015 pracuje v Inštitúte pre výskum práce a rodiny, kde sa venoval oblasti domáceho a rodovo podmieneného násilia na ženách a v súčasnosti je analytikom a výskumníkom pre oblasť rodovej rovnosti.</div>
<div></div>
<div class="x11i5rnm xat24cr x1mh8g0r x1vvkbs xtlvy1s">Tréning z verejných zdrojov podporili <a href="https://www.justice.gov.sk/">Ministerstvo spravodlivosti SR</a> a <a href="https://www.culture.gov.sk/">Ministerstvo kultúry SR</a>.</div>
<div></div>
<div class="x11i5rnm xat24cr x1mh8g0r x1vvkbs xtlvy1s">Realizované s finančnou podporou Ministerstva spravodlivosti SR v rámci dotačného programu na presadzovanie, podporu a ochranu ľudských práv a slobôd a na predchádzanie všetkým formám diskriminácie, rasizmu, xenofóbie, antisemitizmu a ostatným prejavom intolerancie. Za obsah tohto dokumentu výlučne zodpovedá NOMANTINELS.</div>

<p>Chceli by ste pracovať v oblasti LGBTIQ+ problematiky, stať sa podporovateľom či podporovateľkou komunity, alebo chcete zlepšiť životy queer ľudí na Slovensku? Radi vás privítame na našom tréningu. Tréning pozostáva <a href="https://duhovyrok.sk/nomantinels/event/lgbtiq-trening-pre-mladez-a-odborne-profesie/" class="more-link">&#8230;</a></p>
