{"id":1137,"date":"2022-07-12T14:11:24","date_gmt":"2022-07-12T12:11:24","guid":{"rendered":"https:\/\/duhovyrok.sk\/nomantinels\/?post_type=tribe_events&#038;p=1137"},"modified":"2022-07-12T14:15:13","modified_gmt":"2022-07-12T12:15:13","slug":"pride-mesiac-teple-literarne-soiree-ed-2022","status":"publish","type":"tribe_events","link":"https:\/\/duhovyrok.sk\/nomantinels\/event\/pride-mesiac-teple-literarne-soiree-ed-2022\/","title":{"rendered":"PRIDE mesiac: Tepl\u00e9 liter\u00e1rne soir\u00e9e ed. 2022"},"content":{"rendered":"<div><\/div>\n<div class=\"cxmmr5t8 oygrvhab hcukyx3x c1et5uql o9v6fnle\">\n<div class=\"cxmmr5t8 oygrvhab hcukyx3x c1et5uql o9v6fnle\">\n<div class=\"kvgmc6g5 cxmmr5t8 oygrvhab hcukyx3x c1et5uql\">Na Slovensku m\u00e1me st\u00e1le viac textov, ktor\u00e9 hovoria o \u017eivote LGBTIQ+ komunity. Po\u010das letn\u00e9ho ve\u010dera v\u00e1s \u010dak\u00e1 priehr\u0161\u0165 p\u00fatav\u00fdch queer pr\u00edbehov.<\/div>\n<div class=\"cxmmr5t8 oygrvhab hcukyx3x c1et5uql o9v6fnle\">\u010c\u00edtanie tepl\u00fdch textov od Kristi\u00e1na Lazar\u010d\u00edka, Michala Beleja, Jany Varcholovej, Andreja Kuruca a \u010fal\u0161\u00edch.<\/div>\n<div><\/div>\n<div class=\"cxmmr5t8 oygrvhab hcukyx3x c1et5uql o9v6fnle\">Hudobne hercov a here\u010dky a autorov a autorky bude sprev\u00e1dza\u0165 skvel\u00e1 skladate\u013eka a pesni\u010dk\u00e1rka Katar\u00edna M\u00e1likov\u00e1.<br \/>\n&#8211; &#8211; &#8211; &#8211; &#8211; &#8211; &#8211; &#8211; &#8211; &#8211;<\/div>\n<p>Podujatie z verejn\u00fdch zdrojov podporil <a href=\"https:\/\/www.fpu.sk\/sk\/\">Fond na podporu umenia<\/a>.<\/p>\n<\/div>\n<div><\/div>\n<div>Ilustr\u00e1cia: Vikt\u00f3ria Szab\u00f3ov\u00e1<\/div>\n<\/div>\n","protected":false},"excerpt":{"rendered":"<p>Na Slovensku m\u00e1me st\u00e1le viac textov, ktor\u00e9 hovoria o \u017eivote LGBTIQ+ komunity. Po\u010das letn\u00e9ho ve\u010dera v\u00e1s \u010dak\u00e1 priehr\u0161\u0165 p\u00fatav\u00fdch queer pr\u00edbehov. \u010c\u00edtanie tepl\u00fdch textov od Kristi\u00e1na Lazar\u010d\u00edka, Michala Beleja, Jany <a href=\"https:\/\/duhovyrok.sk\/nomantinels\/event\/pride-mesiac-teple-literarne-soiree-ed-2022\/\" class=\"more-link\">&#8230;<\/a><\/p>\n","protected":false},"author":9,"featured_media":1138,"comment_status":"closed","ping_status":"closed","template":"","meta":{"_tribe_events_status":"","_tribe_events_status_reason":"","footnotes":""},"tags":[54,59,24,61,58,32,62,60],"tribe_events_cat":[],"class_list":["post-1137","tribe_events","type-tribe_events","status-publish","has-post-thumbnail","hentry","tag-divadlo-nomantinels","tag-duhovy-pride-bratislava","tag-duhovy-rok","tag-literatura","tag-pride-mesiac","tag-queer","tag-queer-literatura","tag-teple-literarne-soiree"],"_links":{"self":[{"href":"https:\/\/duhovyrok.sk\/nomantinels\/wp-json\/wp\/v2\/tribe_events\/1137","targetHints":{"allow":["GET"]}}],"collection":[{"href":"https:\/\/duhovyrok.sk\/nomantinels\/wp-json\/wp\/v2\/tribe_events"}],"about":[{"href":"https:\/\/duhovyrok.sk\/nomantinels\/wp-json\/wp\/v2\/types\/tribe_events"}],"author":[{"embeddable":true,"href":"https:\/\/duhovyrok.sk\/nomantinels\/wp-json\/wp\/v2\/users\/9"}],"replies":[{"embeddable":true,"href":"https:\/\/duhovyrok.sk\/nomantinels\/wp-json\/wp\/v2\/comments?post=1137"}],"version-history":[{"count":2,"href":"https:\/\/duhovyrok.sk\/nomantinels\/wp-json\/wp\/v2\/tribe_events\/1137\/revisions"}],"predecessor-version":[{"id":1140,"href":"https:\/\/duhovyrok.sk\/nomantinels\/wp-json\/wp\/v2\/tribe_events\/1137\/revisions\/1140"}],"wp:featuredmedia":[{"embeddable":true,"href":"https:\/\/duhovyrok.sk\/nomantinels\/wp-json\/wp\/v2\/media\/1138"}],"wp:attachment":[{"href":"https:\/\/duhovyrok.sk\/nomantinels\/wp-json\/wp\/v2\/media?parent=1137"}],"wp:term":[{"taxonomy":"post_tag","embeddable":true,"href":"https:\/\/duhovyrok.sk\/nomantinels\/wp-json\/wp\/v2\/tags?post=1137"},{"taxonomy":"tribe_events_cat","embeddable":true,"href":"https:\/\/duhovyrok.sk\/nomantinels\/wp-json\/wp\/v2\/tribe_events_cat?post=1137"}],"curies":[{"name":"wp","href":"https:\/\/api.w.org\/{rel}","templated":true}]}}

PRIDE mesiac: Teplé literárne soirée ed. 2022

<div></div>
<div class="cxmmr5t8 oygrvhab hcukyx3x c1et5uql o9v6fnle">
<div class="cxmmr5t8 oygrvhab hcukyx3x c1et5uql o9v6fnle">
<div class="kvgmc6g5 cxmmr5t8 oygrvhab hcukyx3x c1et5uql">Na Slovensku máme stále viac textov, ktoré hovoria o živote LGBTIQ+ komunity. Počas letného večera vás čaká priehršť pútavých queer príbehov.</div>
<div class="cxmmr5t8 oygrvhab hcukyx3x c1et5uql o9v6fnle">Čítanie teplých textov od Kristiána Lazarčíka, Michala Beleja, Jany Varcholovej, Andreja Kuruca a ďalších.</div>
<div></div>
<div class="cxmmr5t8 oygrvhab hcukyx3x c1et5uql o9v6fnle">Hudobne hercov a herečky a autorov a autorky bude sprevádzať skvelá skladateľka a pesničkárka Katarína Máliková.<br />
&#8211; &#8211; &#8211; &#8211; &#8211; &#8211; &#8211; &#8211; &#8211; &#8211;</div>
<p>Podujatie z verejných zdrojov podporil <a href="https://www.fpu.sk/sk/">Fond na podporu umenia</a>.</p>
</div>
<div></div>
<div>Ilustrácia: Viktória Szabóová</div>
</div>

<p>Na Slovensku máme stále viac textov, ktoré hovoria o živote LGBTIQ+ komunity. Počas letného večera vás čaká priehršť pútavých queer príbehov. Čítanie teplých textov od Kristiána Lazarčíka, Michala Beleja, Jany <a href="https://duhovyrok.sk/nomantinels/event/pride-mesiac-teple-literarne-soiree-ed-2022/" class="more-link">&#8230;</a></p>
