{"id":1129,"date":"2022-07-11T14:21:40","date_gmt":"2022-07-11T12:21:40","guid":{"rendered":"https:\/\/duhovyrok.sk\/nomantinels\/?post_type=tribe_events&#038;p=1129"},"modified":"2022-07-12T13:56:44","modified_gmt":"2022-07-12T11:56:44","slug":"pride-mesiac-tepla-vlna-nazivo-direr-gehrerova-a-dalsi","status":"publish","type":"tribe_events","link":"https:\/\/duhovyrok.sk\/nomantinels\/event\/pride-mesiac-tepla-vlna-nazivo-direr-gehrerova-a-dalsi\/","title":{"rendered":"PRIDE mesiac: Tepl\u00e1 vlna na\u017eivo (D\u00edrer, Gehrerov\u00e1, Vajsov\u00e1, Valentovi\u010d + Pru\u017einsk\u00fd)"},"content":{"rendered":"<div class=\"kvgmc6g5 cxmmr5t8 oygrvhab hcukyx3x c1et5uql\"><span class=\"pq6dq46d tbxw36s4 knj5qynh kvgmc6g5 ditlmg2l oygrvhab nvdbi5me sf5mxxl7 gl3lb2sf hhz5lgdu\"><img loading=\"lazy\" decoding=\"async\" src=\"https:\/\/static.xx.fbcdn.net\/images\/emoji.php\/v9\/t3e\/1\/16\/1f6e5.png\" alt=\"\ud83d\udee5\ufe0f\" width=\"16\" height=\"16\" \/> <\/span>Ob\u013e\u00faben\u00fd queer podcast Tepl\u00e1 vlna po\u010d\u00favate alebo sledujete u\u017e tri roky na na\u0161ich sie\u0165ach. Teraz sa m\u00f4\u017eeme prv\u00fd raz stretn\u00fa\u0165 aj na\u017eivo. Zo \u0161t\u00fadia sa pres\u00favame bli\u017e\u0161ie k v\u00e1m.<\/div>\n<div><\/div>\n<div class=\"cxmmr5t8 oygrvhab hcukyx3x c1et5uql o9v6fnle\"><span class=\"pq6dq46d tbxw36s4 knj5qynh kvgmc6g5 ditlmg2l oygrvhab nvdbi5me sf5mxxl7 gl3lb2sf hhz5lgdu\"><img loading=\"lazy\" decoding=\"async\" src=\"https:\/\/static.xx.fbcdn.net\/images\/emoji.php\/v9\/t3e\/1\/16\/1f6e5.png\" alt=\"\ud83d\udee5\ufe0f\" width=\"16\" height=\"16\" \/> <\/span>Sta\u0148te sa s\u00fa\u010das\u0165ou nahr\u00e1vania \u0161tyroch rozhovorov s v\u00fdnimo\u010dn\u00fdmi osobnos\u0165ami, ktor\u00e9 zvidite\u013e\u0148uj\u00fa slovensk\u00fa queer komunitu. Pravidelne v\u00e1m prin\u00e1\u0161ame rozhovory o ich \u017eivote, in\u0161pirat\u00edvnych veciach, ktor\u00fdmi sa zaoberaj\u00fa a odvahe, ktor\u00e1 im pomohla prekona\u0165 predsudky okolia.<\/div>\n<div><\/div>\n<div><span class=\"pq6dq46d tbxw36s4 knj5qynh kvgmc6g5 ditlmg2l oygrvhab nvdbi5me sf5mxxl7 gl3lb2sf hhz5lgdu\"><img loading=\"lazy\" decoding=\"async\" src=\"https:\/\/static.xx.fbcdn.net\/images\/emoji.php\/v9\/t3e\/1\/16\/1f6e5.png\" alt=\"\ud83d\udee5\ufe0f\" width=\"16\" height=\"16\" \/><\/span> U\u017eite si Tepl\u00fa vlnu na\u017eivo u\u017e 21. j\u00fala na lodi Sundeck o 18:00 v r\u00e1mci sprievodn\u00fdch podujat\u00ed PRIDE mesiaca. Viac o podujat\u00ed Tepl\u00e1 vlna na\u017eivo n\u00e1jdete <a href=\"https:\/\/fb.me\/e\/fl62q14iR\">TU<\/a>. Te\u0161\u00edme sa na v\u00e1s!<\/div>\n<div><\/div>\n<div>\n<div class=\"cxmmr5t8 oygrvhab hcukyx3x c1et5uql o9v6fnle\"><span class=\"pq6dq46d tbxw36s4 knj5qynh kvgmc6g5 ditlmg2l oygrvhab nvdbi5me sf5mxxl7 gl3lb2sf hhz5lgdu\"><img loading=\"lazy\" decoding=\"async\" src=\"https:\/\/static.xx.fbcdn.net\/images\/emoji.php\/v9\/t3e\/1\/16\/1f6e5.png\" alt=\"\ud83d\udee5\ufe0f\" width=\"16\" height=\"16\" \/><\/span> Moder\u00e1tor Richard D\u00edrer ned\u00e1vno zaujal svojim tri\u010dkom s d\u00fahov\u00fdm golierom v telev\u00edzii TA3.<\/div>\n<div><\/div>\n<div class=\"cxmmr5t8 oygrvhab hcukyx3x c1et5uql o9v6fnle\"><span class=\"pq6dq46d tbxw36s4 knj5qynh kvgmc6g5 ditlmg2l oygrvhab nvdbi5me sf5mxxl7 gl3lb2sf hhz5lgdu\"><img loading=\"lazy\" decoding=\"async\" src=\"https:\/\/static.xx.fbcdn.net\/images\/emoji.php\/v9\/t3e\/1\/16\/1f6e5.png\" alt=\"\ud83d\udee5\ufe0f\" width=\"16\" height=\"16\" \/><\/span> Eva Vajsov\u00e1 s\u00fa\u0165a\u017eila v 13. s\u00e9rii popul\u00e1rnej telev\u00edznej \u0161ou Farma. U\u017e v \u00favode sa neb\u00e1la by\u0165 sama sebou a hovori\u0165 o svojej sexu\u00e1lnej orient\u00e1cii.<\/div>\n<div><\/div>\n<div class=\"cxmmr5t8 oygrvhab hcukyx3x c1et5uql o9v6fnle\"><span class=\"pq6dq46d tbxw36s4 knj5qynh kvgmc6g5 ditlmg2l oygrvhab nvdbi5me sf5mxxl7 gl3lb2sf hhz5lgdu\"><img loading=\"lazy\" decoding=\"async\" src=\"https:\/\/static.xx.fbcdn.net\/images\/emoji.php\/v9\/t3e\/1\/16\/1f6e5.png\" alt=\"\ud83d\udee5\ufe0f\" width=\"16\" height=\"16\" \/> <\/span>Novin\u00e1rka Ria Gehrerov\u00e1 u\u017e nieko\u013eko rokov p\u00ed\u0161e o \u017eivote LGBTI+ komunity v Denn\u00edku N. Za svoju pr\u00e1cu z\u00edskala aj Cenu inakosti.<\/div>\n<\/div>\n<div><\/div>\n<div class=\"cxmmr5t8 oygrvhab hcukyx3x c1et5uql o9v6fnle\">\n<div class=\"cxmmr5t8 oygrvhab hcukyx3x c1et5uql o9v6fnle\"><span class=\"pq6dq46d tbxw36s4 knj5qynh kvgmc6g5 ditlmg2l oygrvhab nvdbi5me sf5mxxl7 gl3lb2sf hhz5lgdu\"><img loading=\"lazy\" decoding=\"async\" src=\"https:\/\/static.xx.fbcdn.net\/images\/emoji.php\/v9\/t3e\/1\/16\/1f6e5.png\" alt=\"\ud83d\udee5\ufe0f\" width=\"16\" height=\"16\" \/><\/span>\u00a0Mlad\u00fd film\u00e1r Gregor Valentovi\u010d zvidite\u013e\u0148uje \u017eivot queer \u013eud\u00ed vo svojej tvorbe. Pr\u00e1ve pripravuje celove\u010dern\u00fd debut.<\/div>\n<div><\/div>\n<div class=\"cxmmr5t8 oygrvhab hcukyx3x c1et5uql o9v6fnle\"><span class=\"pq6dq46d tbxw36s4 knj5qynh kvgmc6g5 ditlmg2l oygrvhab nvdbi5me sf5mxxl7 gl3lb2sf hhz5lgdu\"><img loading=\"lazy\" decoding=\"async\" src=\"https:\/\/static.xx.fbcdn.net\/images\/emoji.php\/v9\/t3e\/1\/16\/1f6e5.png\" alt=\"\ud83d\udee5\ufe0f\" width=\"16\" height=\"16\" \/><\/span> Medzi rozhovormi zaspieva Jakub Pru\u017einsk\u00fd, talent s podmaniv\u00fdm hlasom zo Superstar.<\/div>\n<div><\/div>\n<div class=\"cxmmr5t8 oygrvhab hcukyx3x c1et5uql o9v6fnle\">PROGRAM:<br \/>\n<span class=\"pq6dq46d tbxw36s4 knj5qynh kvgmc6g5 ditlmg2l oygrvhab nvdbi5me sf5mxxl7 gl3lb2sf hhz5lgdu\"><img loading=\"lazy\" decoding=\"async\" src=\"https:\/\/static.xx.fbcdn.net\/images\/emoji.php\/v9\/t1a\/1\/16\/1f33b.png\" alt=\"\ud83c\udf3b\" width=\"16\" height=\"16\" \/> <\/span>18:00 Ria Gehrerov\u00e1<\/div>\n<div class=\"cxmmr5t8 oygrvhab hcukyx3x c1et5uql o9v6fnle\"><span class=\"pq6dq46d tbxw36s4 knj5qynh kvgmc6g5 ditlmg2l oygrvhab nvdbi5me sf5mxxl7 gl3lb2sf hhz5lgdu\"><img loading=\"lazy\" decoding=\"async\" src=\"https:\/\/static.xx.fbcdn.net\/images\/emoji.php\/v9\/t1a\/1\/16\/1f33b.png\" alt=\"\ud83c\udf3b\" width=\"16\" height=\"16\" \/><\/span>\u00a018:30 Eva Vajsov\u00e1<\/div>\n<div class=\"cxmmr5t8 oygrvhab hcukyx3x c1et5uql o9v6fnle\"><span class=\"pq6dq46d tbxw36s4 knj5qynh kvgmc6g5 ditlmg2l oygrvhab nvdbi5me sf5mxxl7 gl3lb2sf hhz5lgdu\"><img loading=\"lazy\" decoding=\"async\" src=\"https:\/\/static.xx.fbcdn.net\/images\/emoji.php\/v9\/t1a\/1\/16\/1f33b.png\" alt=\"\ud83c\udf3b\" width=\"16\" height=\"16\" \/><\/span>\u00a019:00 Richard D\u00edrer<\/div>\n<div class=\"cxmmr5t8 oygrvhab hcukyx3x c1et5uql o9v6fnle\"><span class=\"pq6dq46d tbxw36s4 knj5qynh kvgmc6g5 ditlmg2l oygrvhab nvdbi5me sf5mxxl7 gl3lb2sf hhz5lgdu\"><img loading=\"lazy\" decoding=\"async\" src=\"https:\/\/static.xx.fbcdn.net\/images\/emoji.php\/v9\/t1a\/1\/16\/1f33b.png\" alt=\"\ud83c\udf3b\" width=\"16\" height=\"16\" \/><\/span>\u00a019:30 Gregor Valentovi\u010d<\/div>\n<div><\/div>\n<div class=\"cxmmr5t8 oygrvhab hcukyx3x c1et5uql o9v6fnle\">Podujatie z verejn\u00fdch zdrojov podporil <a href=\"https:\/\/www.fpu.sk\/sk\/\">Fond na podporu umeni<\/a>a a <a href=\"https:\/\/www.justice.gov.sk\/\">Ministerstvo spravodlivosti SR<\/a>.<\/div>\n<\/div>\n","protected":false},"excerpt":{"rendered":"<p>Ob\u013e\u00faben\u00fd queer podcast Tepl\u00e1 vlna po\u010d\u00favate alebo sledujete u\u017e tri roky na na\u0161ich sie\u0165ach. Teraz sa m\u00f4\u017eeme prv\u00fd raz stretn\u00fa\u0165 aj na\u017eivo. Zo \u0161t\u00fadia sa pres\u00favame bli\u017e\u0161ie k v\u00e1m. Sta\u0148te <a href=\"https:\/\/duhovyrok.sk\/nomantinels\/event\/pride-mesiac-tepla-vlna-nazivo-direr-gehrerova-a-dalsi\/\" class=\"more-link\">&#8230;<\/a><\/p>\n","protected":false},"author":9,"featured_media":1048,"comment_status":"closed","ping_status":"closed","template":"","meta":{"_tribe_events_status":"","_tribe_events_status_reason":"","footnotes":""},"tags":[54,59,24,58,20,57],"tribe_events_cat":[],"class_list":["post-1129","tribe_events","type-tribe_events","status-publish","has-post-thumbnail","hentry","tag-divadlo-nomantinels","tag-duhovy-pride-bratislava","tag-duhovy-rok","tag-pride-mesiac","tag-tepla-vlna","tag-tepla-vlna-online"],"_links":{"self":[{"href":"https:\/\/duhovyrok.sk\/nomantinels\/wp-json\/wp\/v2\/tribe_events\/1129","targetHints":{"allow":["GET"]}}],"collection":[{"href":"https:\/\/duhovyrok.sk\/nomantinels\/wp-json\/wp\/v2\/tribe_events"}],"about":[{"href":"https:\/\/duhovyrok.sk\/nomantinels\/wp-json\/wp\/v2\/types\/tribe_events"}],"author":[{"embeddable":true,"href":"https:\/\/duhovyrok.sk\/nomantinels\/wp-json\/wp\/v2\/users\/9"}],"replies":[{"embeddable":true,"href":"https:\/\/duhovyrok.sk\/nomantinels\/wp-json\/wp\/v2\/comments?post=1129"}],"version-history":[{"count":5,"href":"https:\/\/duhovyrok.sk\/nomantinels\/wp-json\/wp\/v2\/tribe_events\/1129\/revisions"}],"predecessor-version":[{"id":1136,"href":"https:\/\/duhovyrok.sk\/nomantinels\/wp-json\/wp\/v2\/tribe_events\/1129\/revisions\/1136"}],"wp:featuredmedia":[{"embeddable":true,"href":"https:\/\/duhovyrok.sk\/nomantinels\/wp-json\/wp\/v2\/media\/1048"}],"wp:attachment":[{"href":"https:\/\/duhovyrok.sk\/nomantinels\/wp-json\/wp\/v2\/media?parent=1129"}],"wp:term":[{"taxonomy":"post_tag","embeddable":true,"href":"https:\/\/duhovyrok.sk\/nomantinels\/wp-json\/wp\/v2\/tags?post=1129"},{"taxonomy":"tribe_events_cat","embeddable":true,"href":"https:\/\/duhovyrok.sk\/nomantinels\/wp-json\/wp\/v2\/tribe_events_cat?post=1129"}],"curies":[{"name":"wp","href":"https:\/\/api.w.org\/{rel}","templated":true}]}}

PRIDE mesiac: Teplá vlna naživo (Dírer, Gehrerová, Vajsová, Valentovič + Pružinský)

<div class="kvgmc6g5 cxmmr5t8 oygrvhab hcukyx3x c1et5uql"><span class="pq6dq46d tbxw36s4 knj5qynh kvgmc6g5 ditlmg2l oygrvhab nvdbi5me sf5mxxl7 gl3lb2sf hhz5lgdu"><img loading="lazy" decoding="async" src="https://static.xx.fbcdn.net/images/emoji.php/v9/t3e/1/16/1f6e5.png" alt="🛥️" width="16" height="16" /> </span>Obľúbený queer podcast Teplá vlna počúvate alebo sledujete už tri roky na našich sieťach. Teraz sa môžeme prvý raz stretnúť aj naživo. Zo štúdia sa presúvame bližšie k vám.</div>
<div></div>
<div class="cxmmr5t8 oygrvhab hcukyx3x c1et5uql o9v6fnle"><span class="pq6dq46d tbxw36s4 knj5qynh kvgmc6g5 ditlmg2l oygrvhab nvdbi5me sf5mxxl7 gl3lb2sf hhz5lgdu"><img loading="lazy" decoding="async" src="https://static.xx.fbcdn.net/images/emoji.php/v9/t3e/1/16/1f6e5.png" alt="🛥️" width="16" height="16" /> </span>Staňte sa súčasťou nahrávania štyroch rozhovorov s výnimočnými osobnosťami, ktoré zviditeľňujú slovenskú queer komunitu. Pravidelne vám prinášame rozhovory o ich živote, inšpiratívnych veciach, ktorými sa zaoberajú a odvahe, ktorá im pomohla prekonať predsudky okolia.</div>
<div></div>
<div><span class="pq6dq46d tbxw36s4 knj5qynh kvgmc6g5 ditlmg2l oygrvhab nvdbi5me sf5mxxl7 gl3lb2sf hhz5lgdu"><img loading="lazy" decoding="async" src="https://static.xx.fbcdn.net/images/emoji.php/v9/t3e/1/16/1f6e5.png" alt="🛥️" width="16" height="16" /></span> Užite si Teplú vlnu naživo už 21. júla na lodi Sundeck o 18:00 v rámci sprievodných podujatí PRIDE mesiaca. Viac o podujatí Teplá vlna naživo nájdete <a href="https://fb.me/e/fl62q14iR">TU</a>. Tešíme sa na vás!</div>
<div></div>
<div>
<div class="cxmmr5t8 oygrvhab hcukyx3x c1et5uql o9v6fnle"><span class="pq6dq46d tbxw36s4 knj5qynh kvgmc6g5 ditlmg2l oygrvhab nvdbi5me sf5mxxl7 gl3lb2sf hhz5lgdu"><img loading="lazy" decoding="async" src="https://static.xx.fbcdn.net/images/emoji.php/v9/t3e/1/16/1f6e5.png" alt="🛥️" width="16" height="16" /></span> Moderátor Richard Dírer nedávno zaujal svojim tričkom s dúhovým golierom v televízii TA3.</div>
<div></div>
<div class="cxmmr5t8 oygrvhab hcukyx3x c1et5uql o9v6fnle"><span class="pq6dq46d tbxw36s4 knj5qynh kvgmc6g5 ditlmg2l oygrvhab nvdbi5me sf5mxxl7 gl3lb2sf hhz5lgdu"><img loading="lazy" decoding="async" src="https://static.xx.fbcdn.net/images/emoji.php/v9/t3e/1/16/1f6e5.png" alt="🛥️" width="16" height="16" /></span> Eva Vajsová súťažila v 13. sérii populárnej televíznej šou Farma. Už v úvode sa nebála byť sama sebou a hovoriť o svojej sexuálnej orientácii.</div>
<div></div>
<div class="cxmmr5t8 oygrvhab hcukyx3x c1et5uql o9v6fnle"><span class="pq6dq46d tbxw36s4 knj5qynh kvgmc6g5 ditlmg2l oygrvhab nvdbi5me sf5mxxl7 gl3lb2sf hhz5lgdu"><img loading="lazy" decoding="async" src="https://static.xx.fbcdn.net/images/emoji.php/v9/t3e/1/16/1f6e5.png" alt="🛥️" width="16" height="16" /> </span>Novinárka Ria Gehrerová už niekoľko rokov píše o živote LGBTI+ komunity v Denníku N. Za svoju prácu získala aj Cenu inakosti.</div>
</div>
<div></div>
<div class="cxmmr5t8 oygrvhab hcukyx3x c1et5uql o9v6fnle">
<div class="cxmmr5t8 oygrvhab hcukyx3x c1et5uql o9v6fnle"><span class="pq6dq46d tbxw36s4 knj5qynh kvgmc6g5 ditlmg2l oygrvhab nvdbi5me sf5mxxl7 gl3lb2sf hhz5lgdu"><img loading="lazy" decoding="async" src="https://static.xx.fbcdn.net/images/emoji.php/v9/t3e/1/16/1f6e5.png" alt="🛥️" width="16" height="16" /></span> Mladý filmár Gregor Valentovič zviditeľňuje život queer ľudí vo svojej tvorbe. Práve pripravuje celovečerný debut.</div>
<div></div>
<div class="cxmmr5t8 oygrvhab hcukyx3x c1et5uql o9v6fnle"><span class="pq6dq46d tbxw36s4 knj5qynh kvgmc6g5 ditlmg2l oygrvhab nvdbi5me sf5mxxl7 gl3lb2sf hhz5lgdu"><img loading="lazy" decoding="async" src="https://static.xx.fbcdn.net/images/emoji.php/v9/t3e/1/16/1f6e5.png" alt="🛥️" width="16" height="16" /></span> Medzi rozhovormi zaspieva Jakub Pružinský, talent s podmanivým hlasom zo Superstar.</div>
<div></div>
<div class="cxmmr5t8 oygrvhab hcukyx3x c1et5uql o9v6fnle">PROGRAM:<br />
<span class="pq6dq46d tbxw36s4 knj5qynh kvgmc6g5 ditlmg2l oygrvhab nvdbi5me sf5mxxl7 gl3lb2sf hhz5lgdu"><img loading="lazy" decoding="async" src="https://static.xx.fbcdn.net/images/emoji.php/v9/t1a/1/16/1f33b.png" alt="🌻" width="16" height="16" /> </span>18:00 Ria Gehrerová</div>
<div class="cxmmr5t8 oygrvhab hcukyx3x c1et5uql o9v6fnle"><span class="pq6dq46d tbxw36s4 knj5qynh kvgmc6g5 ditlmg2l oygrvhab nvdbi5me sf5mxxl7 gl3lb2sf hhz5lgdu"><img loading="lazy" decoding="async" src="https://static.xx.fbcdn.net/images/emoji.php/v9/t1a/1/16/1f33b.png" alt="🌻" width="16" height="16" /></span> 18:30 Eva Vajsová</div>
<div class="cxmmr5t8 oygrvhab hcukyx3x c1et5uql o9v6fnle"><span class="pq6dq46d tbxw36s4 knj5qynh kvgmc6g5 ditlmg2l oygrvhab nvdbi5me sf5mxxl7 gl3lb2sf hhz5lgdu"><img loading="lazy" decoding="async" src="https://static.xx.fbcdn.net/images/emoji.php/v9/t1a/1/16/1f33b.png" alt="🌻" width="16" height="16" /></span> 19:00 Richard Dírer</div>
<div class="cxmmr5t8 oygrvhab hcukyx3x c1et5uql o9v6fnle"><span class="pq6dq46d tbxw36s4 knj5qynh kvgmc6g5 ditlmg2l oygrvhab nvdbi5me sf5mxxl7 gl3lb2sf hhz5lgdu"><img loading="lazy" decoding="async" src="https://static.xx.fbcdn.net/images/emoji.php/v9/t1a/1/16/1f33b.png" alt="🌻" width="16" height="16" /></span> 19:30 Gregor Valentovič</div>
<div></div>
<div class="cxmmr5t8 oygrvhab hcukyx3x c1et5uql o9v6fnle">Podujatie z verejných zdrojov podporil <a href="https://www.fpu.sk/sk/">Fond na podporu umeni</a>a a <a href="https://www.justice.gov.sk/">Ministerstvo spravodlivosti SR</a>.</div>
</div>

<p>Obľúbený queer podcast Teplá vlna počúvate alebo sledujete už tri roky na našich sieťach. Teraz sa môžeme prvý raz stretnúť aj naživo. Zo štúdia sa presúvame bližšie k vám. Staňte <a href="https://duhovyrok.sk/nomantinels/event/pride-mesiac-tepla-vlna-nazivo-direr-gehrerova-a-dalsi/" class="more-link">&#8230;</a></p>
