{"id":79,"date":"2021-02-19T09:51:08","date_gmt":"2021-02-19T08:51:08","guid":{"rendered":"https:\/\/duhovyrok.sk\/drama-queer\/?page_id=79"},"modified":"2021-03-15T19:03:50","modified_gmt":"2021-03-15T18:03:50","slug":"kontakt","status":"publish","type":"page","link":"https:\/\/duhovyrok.sk\/drama-queer\/kontakt\/","title":{"rendered":"Kontakt"},"content":{"rendered":"\n<h5 class=\"wp-block-heading\">NOMANTINELS<\/h5>\n\n\n\n<p>Vi\u0161\u0148ova 5<br>83101 Bratislava<br>I\u010cO: 42 182 603<br>DI\u010c: 2 023 208 847<br>Zap\u00edsan\u00e9 v registri OZ:<br>VVS\/1-900\/90-34251, d\u00e1tum vzniku 29. 8. 2009<\/p>\n\n\n\n<p><a rel=\"noreferrer noopener\" href=\"mailto:divadlonomantinels@gmail.com\" target=\"_blank\">divadlonomantinels@gmail.com<\/a><\/p>\n","protected":false},"excerpt":{"rendered":"<p>NOMANTINELS Vi\u0161\u0148ova 583101 BratislavaI\u010cO: 42 182 603DI\u010c: 2 023 208 847Zap\u00edsan\u00e9 v registri OZ:VVS\/1-900\/90-34251, d\u00e1tum vzniku 29. 8. 2009 divadlonomantinels@gmail.com<\/p>\n","protected":false},"author":1,"featured_media":0,"parent":0,"menu_order":0,"comment_status":"closed","ping_status":"closed","template":"","meta":{"footnotes":""},"class_list":["post-79","page","type-page","status-publish","hentry"],"_links":{"self":[{"href":"https:\/\/duhovyrok.sk\/drama-queer\/wp-json\/wp\/v2\/pages\/79","targetHints":{"allow":["GET"]}}],"collection":[{"href":"https:\/\/duhovyrok.sk\/drama-queer\/wp-json\/wp\/v2\/pages"}],"about":[{"href":"https:\/\/duhovyrok.sk\/drama-queer\/wp-json\/wp\/v2\/types\/page"}],"author":[{"embeddable":true,"href":"https:\/\/duhovyrok.sk\/drama-queer\/wp-json\/wp\/v2\/users\/1"}],"replies":[{"embeddable":true,"href":"https:\/\/duhovyrok.sk\/drama-queer\/wp-json\/wp\/v2\/comments?post=79"}],"version-history":[{"count":2,"href":"https:\/\/duhovyrok.sk\/drama-queer\/wp-json\/wp\/v2\/pages\/79\/revisions"}],"predecessor-version":[{"id":94,"href":"https:\/\/duhovyrok.sk\/drama-queer\/wp-json\/wp\/v2\/pages\/79\/revisions\/94"}],"wp:attachment":[{"href":"https:\/\/duhovyrok.sk\/drama-queer\/wp-json\/wp\/v2\/media?parent=79"}],"curies":[{"name":"wp","href":"https:\/\/api.w.org\/{rel}","templated":true}]}}